{"id":43077,"date":"2024-12-08T16:42:27","date_gmt":"2024-12-08T19:42:27","guid":{"rendered":"https:\/\/www.copel.com\/site\/?page_id=43077"},"modified":"2024-12-13T16:44:31","modified_gmt":"2024-12-13T19:44:31","slug":"18-a-importancia-da-protecao-para-a-seguranca-na-gd","status":"publish","type":"page","link":"https:\/\/www.copel.com\/site\/18-a-importancia-da-protecao-para-a-seguranca-na-gd\/","title":{"rendered":"#18 &#8211; A import\u00e2ncia da prote\u00e7\u00e3o para a seguran\u00e7a na GD"},"content":{"rendered":"\n<p>Neste epis\u00f3dio, vamos visitar uma planta solar de 5MW na Zona Norte de Londrina, no momento de finaliza\u00e7\u00e3o da implanta\u00e7\u00e3o para conex\u00e3o \u00e0 rede da distribuidora de energia.<br>Entrevistados: Fabiano Domingues (Copel\/Curitiba), Douglas Mendes da Costa (Tecart\/Cascavel) e Carlos Milanese (BF\/Londrina).<br><br>Produ\u00e7\u00e3o, apresenta\u00e7\u00e3o e edi\u00e7\u00e3o do podcast: Rakelly Calliari<br>Fotos: Jade Sagara Gongora<br>Identidade visual: Rodolfo Abilhoa<\/p>\n\n\n\n<iframe width=\"100%\" height=\"166\" scrolling=\"no\" frameborder=\"no\" allow=\"autoplay\" src=\"https:\/\/w.soundcloud.com\/player\/?url=https%3A\/\/api.soundcloud.com\/tracks\/1505634157&#038;color=%23ff5500&#038;auto_play=false&#038;hide_related=false&#038;show_comments=true&#038;show_user=true&#038;show_reposts=false&#038;show_teaser=true\"><\/iframe><div style=\"font-size: 10px; color: #cccccc;line-break: anywhere;word-break: normal;overflow: hidden;white-space: nowrap;text-overflow: ellipsis; font-family: Interstate,Lucida Grande,Lucida Sans Unicode,Lucida Sans,Garuda,Verdana,Tahoma,sans-serif;font-weight: 100;\"><a href=\"https:\/\/soundcloud.com\/user-829120663\" title=\"Copel\" target=\"_blank\" style=\"color: #cccccc; text-decoration: none;\" rel=\"noopener\">Copel<\/a> \u00b7 <a href=\"https:\/\/soundcloud.com\/user-829120663\/a-importancia-da-protecao-para-a-seguranca-na-gd\" title=\"A import\u00e2ncia da prote\u00e7\u00e3o para a seguran\u00e7a na GD\" target=\"_blank\" style=\"color: #cccccc; text-decoration: none;\" rel=\"noopener\">A import\u00e2ncia da prote\u00e7\u00e3o para a seguran\u00e7a na GD<\/a><\/div>\n","protected":false},"excerpt":{"rendered":"<p>Neste epis\u00f3dio, vamos visitar uma planta solar de 5MW na Zona Norte de Londrina, no momento de finaliza\u00e7\u00e3o da implanta\u00e7\u00e3o para conex\u00e3o \u00e0 rede da distribuidora de energia.Entrevistados: Fabiano Domingues (Copel\/Curitiba), Douglas Mendes da Costa (Tecart\/Cascavel) e Carlos Milanese (BF\/Londrina). Produ\u00e7\u00e3o, apresenta\u00e7\u00e3o e edi\u00e7\u00e3o do podcast: Rakelly CalliariFotos: Jade Sagara GongoraIdentidade visual: Rodolfo Abilhoa Copel [&hellip;]<\/p>\n","protected":false},"author":6,"featured_media":43051,"parent":0,"menu_order":0,"comment_status":"closed","ping_status":"closed","template":"","meta":{"_acf_changed":false,"footnotes":""},"categories":[904],"tags":[905],"wf_page_folders":[906],"class_list":["post-43077","page","type-page","status-publish","has-post-thumbnail","hentry","category-podcast","tag-gdcast"],"acf":[],"aioseo_notices":[],"_links":{"self":[{"href":"https:\/\/www.copel.com\/site\/wp-json\/wp\/v2\/pages\/43077","targetHints":{"allow":["GET"]}}],"collection":[{"href":"https:\/\/www.copel.com\/site\/wp-json\/wp\/v2\/pages"}],"about":[{"href":"https:\/\/www.copel.com\/site\/wp-json\/wp\/v2\/types\/page"}],"author":[{"embeddable":true,"href":"https:\/\/www.copel.com\/site\/wp-json\/wp\/v2\/users\/6"}],"replies":[{"embeddable":true,"href":"https:\/\/www.copel.com\/site\/wp-json\/wp\/v2\/comments?post=43077"}],"version-history":[{"count":1,"href":"https:\/\/www.copel.com\/site\/wp-json\/wp\/v2\/pages\/43077\/revisions"}],"predecessor-version":[{"id":43078,"href":"https:\/\/www.copel.com\/site\/wp-json\/wp\/v2\/pages\/43077\/revisions\/43078"}],"wp:featuredmedia":[{"embeddable":true,"href":"https:\/\/www.copel.com\/site\/wp-json\/wp\/v2\/media\/43051"}],"wp:attachment":[{"href":"https:\/\/www.copel.com\/site\/wp-json\/wp\/v2\/media?parent=43077"}],"wp:term":[{"taxonomy":"category","embeddable":true,"href":"https:\/\/www.copel.com\/site\/wp-json\/wp\/v2\/categories?post=43077"},{"taxonomy":"post_tag","embeddable":true,"href":"https:\/\/www.copel.com\/site\/wp-json\/wp\/v2\/tags?post=43077"},{"taxonomy":"wf_page_folders","embeddable":true,"href":"https:\/\/www.copel.com\/site\/wp-json\/wp\/v2\/wf_page_folders?post=43077"}],"curies":[{"name":"wp","href":"https:\/\/api.w.org\/{rel}","templated":true}]}}