{"id":41392,"date":"2024-10-15T16:52:32","date_gmt":"2024-10-15T19:52:32","guid":{"rendered":"https:\/\/www.copel.com\/site\/?page_id=41392"},"modified":"2024-10-15T16:56:34","modified_gmt":"2024-10-15T19:56:34","slug":"extrato-de-faturamento-do-grupo-a","status":"publish","type":"page","link":"https:\/\/www.copel.com\/site\/copel-distribuicao\/faturas-de-energia\/extrato-de-faturamento-do-grupo-a\/","title":{"rendered":"Extrato de Faturamento do Grupo A"},"content":{"rendered":"\t\t<div data-elementor-type=\"wp-page\" data-elementor-id=\"41392\" class=\"elementor elementor-41392\" data-elementor-post-type=\"page\">\n\t\t\t\t<div class=\"elementor-element elementor-element-0aaa391 e-flex e-con-boxed e-con e-parent\" data-id=\"0aaa391\" data-element_type=\"container\" data-e-type=\"container\">\n\t\t\t\t\t<div class=\"e-con-inner\">\n\t\t\t\t<div class=\"elementor-element elementor-element-f202a34 elementor-widget elementor-widget-spacer\" data-id=\"f202a34\" data-element_type=\"widget\" data-e-type=\"widget\" data-widget_type=\"spacer.default\">\n\t\t\t\t<div class=\"elementor-widget-container\">\n\t\t\t\t\t\t\t<div class=\"elementor-spacer\">\n\t\t\t<div class=\"elementor-spacer-inner\"><\/div>\n\t\t<\/div>\n\t\t\t\t\t\t<\/div>\n\t\t\t\t<\/div>\n\t\t\t\t<div class=\"elementor-element elementor-element-ca782a5 elementor-widget elementor-widget-html\" data-id=\"ca782a5\" data-element_type=\"widget\" data-e-type=\"widget\" data-widget_type=\"html.default\">\n\t\t\t\t<div class=\"elementor-widget-container\">\n\t\t\t\t\t<link rel=\"stylesheet\" href=\"https:\/\/code.jquery.com\/ui\/1.13.1\/themes\/base\/jquery-ui.css\">\n<script src=\"https:\/\/code.jquery.com\/jquery-3.6.0.js\"><\/script>\n<script src=\"https:\/\/code.jquery.com\/ui\/1.13.1\/jquery-ui.js\"><\/script>\n\n<script>\njQuery(document).ready(function($){\n   \n\t$( \".action\" ).click(\n        function(){\n    \t    var info = $(this).next('.info');\n    \t   \n    \t     $('.info:visible').slideUp('fast');\n    \t    if (info.css('display') == 'none'){\n    \t        info.slideDown('fast');\n    \t    }\n        }\n    );\n    \n    \n    $( document ).tooltip({\n      track: true\n    });\n    \n  \n});\n<\/script>\n<style>\n    .fatura-b div,\n    .fatura-b-verso div,\n    .fatura-lis div, \n    .fatura-a div, \n    .extrato-a div {\/*background: rgba(0, 0, 0, 0.3);*\/background:url('\/site\/wp-content\/uploads\/2022\/04\/overlay.png');}\n    \n    .fatura-b div:hover,\n    .fatura-b-verso div:hover,\n    .fatura-lis div:hover,\n    .fatura-a div:hover, \n    .extrato-a div:hover {background: rgba(0, 0, 0, 0);}\n\n    .ui-tooltip {\n        background: #2b3039;\n        padding: 10px 20px;\n        color: white;\n        border-radius: 10px;\n        border:3px solid #fff !important;\n        font: bold 14px \"Helvetica Neue\", Sans-Serif;\n        \/*text-transform: uppercase;*\/\n        box-shadow: 0 0 7px rgba(0, 0, 0, 0.3);\n    }\n    \n    .action a {width:100%;}\n   .info{display:none; background:url('\/site\/wp-content\/uploads\/2022\/04\/overlay.png');}\n    \n<\/style>\t\t\t\t<\/div>\n\t\t\t\t<\/div>\n\t\t\t\t\t<\/div>\n\t\t\t\t<\/div>\n\t\t<div class=\"elementor-element elementor-element-74bccde e-flex e-con-boxed e-con e-parent\" data-id=\"74bccde\" data-element_type=\"container\" data-e-type=\"container\">\n\t\t\t\t\t<div class=\"e-con-inner\">\n\t\t<div class=\"elementor-element elementor-element-3505c0e e-con-full e-flex e-con e-child\" data-id=\"3505c0e\" data-element_type=\"container\" data-e-type=\"container\">\n\t\t\t\t<div class=\"elementor-element elementor-element-aa3133e elementor-nav-menu__align-justify menuTroca elementor-nav-menu--dropdown-tablet elementor-nav-menu__text-align-aside elementor-nav-menu--toggle elementor-nav-menu--burger elementor-widget elementor-widget-nav-menu\" data-id=\"aa3133e\" data-element_type=\"widget\" data-e-type=\"widget\" data-settings=\"{&quot;layout&quot;:&quot;vertical&quot;,&quot;submenu_icon&quot;:{&quot;value&quot;:&quot;&lt;i class=\\&quot;fas fa-caret-down\\&quot; aria-hidden=\\&quot;true\\&quot;&gt;&lt;\\\/i&gt;&quot;,&quot;library&quot;:&quot;fa-solid&quot;},&quot;toggle&quot;:&quot;burger&quot;}\" data-widget_type=\"nav-menu.default\">\n\t\t\t\t<div class=\"elementor-widget-container\">\n\t\t\t\t\t\t\t\t<nav aria-label=\"Menu\" class=\"elementor-nav-menu--main elementor-nav-menu__container elementor-nav-menu--layout-vertical e--pointer-underline e--animation-fade\">\n\t\t\t\t<ul id=\"menu-1-aa3133e\" class=\"elementor-nav-menu sm-vertical\"><li class=\"menu-item menu-item-type-custom menu-item-object-custom menu-item-has-children menu-item-18685\"><a href=\"\/site\/copel-distribuicao\/?utm_source=distribuicao-residencial&#038;utm_medium=copel-distribuicao&#038;utm_campaign=menu-lateral\" class=\"elementor-item\">Copel Distribui\u00e7\u00e3o<\/a>\n<ul class=\"sub-menu elementor-nav-menu--dropdown\">\n\t<li class=\"menu-item menu-item-type-custom menu-item-object-custom menu-item-18686\"><a href=\"\/site\/copel-distribuicao\/para-sua-casa\/?utm_source=distribuicao-residencial&#038;utm_medium=para-sua-casa&#038;utm_campaign=menu-lateral\" class=\"elementor-sub-item\">Para sua casa<\/a><\/li>\n\t<li class=\"menu-item menu-item-type-custom menu-item-object-custom menu-item-18687\"><a href=\"\/site\/copel-distribuicao\/para-sua-empresa\/?utm_source=distribuicao-residencial&#038;utm_medium=para-sua-empresa&#038;utm_campaign=menu-lateral\" class=\"elementor-sub-item\">Para sua empresa<\/a><\/li>\n\t<li class=\"menu-item menu-item-type-custom menu-item-object-custom menu-item-19277\"><a href=\"\/site\/copel-distribuicao\/poder-publico\/?utm_source=distribuicao-residencial&#038;utm_medium=poder-publico&#038;utm_campaign=menu-lateral\" class=\"elementor-sub-item\">Poder p\u00fablico<\/a><\/li>\n\t<li class=\"menu-item menu-item-type-custom menu-item-object-custom menu-item-18688\"><a href=\"\/site\/copel-distribuicao\/rural\/?utm_source=distribuicao-residencial&#038;utm_medium=rural&#038;utm_campaign=menu-lateral\" class=\"elementor-sub-item\">Rural<\/a><\/li>\n<\/ul>\n<\/li>\n<li class=\"menu-item menu-item-type-custom menu-item-object-custom menu-item-18689\"><a href=\"https:\/\/www.copel.com\/avaweb\/?utm_source=distribuicao-residencial&#038;utm_medium=agencia-virtual&#038;utm_campaign=menu-lateral\" class=\"elementor-item\">Ag\u00eancia virtual<\/a><\/li>\n<li class=\"menu-item menu-item-type-custom menu-item-object-custom menu-item-18690\"><a href=\"\/site\/copel-distribuicao\/aplicativo-copel\/?utm_source=distribuicao-residencial&#038;utm_medium=aplicativo-copel&#038;utm_campaign=menu-lateral\" class=\"elementor-item\">Aplicativo Copel<\/a><\/li>\n<li class=\"menu-item menu-item-type-custom menu-item-object-custom menu-item-18691\"><a href=\"\/site\/copel-distribuicao\/como-pagar-sua-conta\/?utm_source=distribuicao-residencial&#038;utm_medium=como-pagar-sua-conta&#038;utm_campaign=menu-lateral\" class=\"elementor-item\">Como pagar sua conta<\/a><\/li>\n<li class=\"menu-item menu-item-type-custom menu-item-object-custom menu-item-18692\"><a href=\"\/site\/copel-distribuicao\/desligamento-programado\/?utm_source=distribuicao-residencial&#038;utm_medium=desligamento-programado&#038;utm_campaign=menu-lateral\" class=\"elementor-item\">Consulta desligamento programado<\/a><\/li>\n<li class=\"menu-item menu-item-type-custom menu-item-object-custom menu-item-18693\"><a href=\"\/site\/copel-distribuicao\/eficiencia-energetica\/?utm_source=distribuicao-residencial&#038;utm_medium=&#038;utm_campaign=menu-lateral\" class=\"elementor-item\">Efici\u00eancia energ\u00e9tica<\/a><\/li>\n<li class=\"menu-item menu-item-type-custom menu-item-object-custom menu-item-18694\"><a href=\"\/site\/copel-distribuicao\/usuarios-de-equipamentos-eletromedicos\/?utm_source=distribuicao-residencial&#038;utm_medium=&#038;utm_campaign=menu-lateral\" class=\"elementor-item\">Equipamentos eletrom\u00e9dicos<\/a><\/li>\n<li class=\"menu-item menu-item-type-custom menu-item-object-custom menu-item-22965\"><a href=\"\/site\/copel-distribuicao\/faturas-energia\/\" class=\"elementor-item\">Faturas de energia<\/a><\/li>\n<li class=\"menu-item menu-item-type-custom menu-item-object-custom menu-item-18695\"><a href=\"\/site\/copel-distribuicao\/formularios\/?utm_source=distribuicao-residencial&#038;utm_medium=&#038;utm_campaign=menu-lateral\" class=\"elementor-item\">Formul\u00e1rios<\/a><\/li>\n<li class=\"menu-item menu-item-type-custom menu-item-object-custom menu-item-18696\"><a href=\"\/site\/fornecedores-e-parceiros\/geracao-distribuida\/?utm_source=distribuicao-residencial&#038;utm_medium=&#038;utm_campaign=menu-lateral\" class=\"elementor-item\">Gera\u00e7\u00e3o distribu\u00edda<\/a><\/li>\n<li class=\"menu-item menu-item-type-custom menu-item-object-custom menu-item-18697\"><a href=\"\/site\/copel-distribuicao\/agencias-de-atendimento\/?utm_source=distribuicao-residencial&#038;utm_medium=&#038;utm_campaign=menu-lateral\" class=\"elementor-item\">Locais de atendimento<\/a><\/li>\n<li class=\"menu-item menu-item-type-custom menu-item-object-custom menu-item-18698\"><a href=\"\/site\/copel-distribuicao\/pedido-de-ligacao\/?utm_source=distribuicao-residencial&#038;utm_medium=&#038;utm_campaign=menu-lateral\" class=\"elementor-item\">Pedido de liga\u00e7\u00e3o<\/a><\/li>\n<li class=\"menu-item menu-item-type-custom menu-item-object-custom menu-item-18699\"><a href=\"\/site\/copel-distribuicao\/segunda-via\/\" class=\"elementor-item\">Segunda via de fatura<\/a><\/li>\n<li class=\"menu-item menu-item-type-custom menu-item-object-custom menu-item-18700\"><a href=\"\/site\/copel-distribuicao\/tarifas-de-energia-eletrica\/?utm_source=distribuicao-residencial&#038;utm_medium=&#038;utm_campaign=menu-lateral\" class=\"elementor-item\">Tarifas de energia<\/a><\/li>\n<li class=\"menu-item menu-item-type-custom menu-item-object-custom menu-item-18701\"><a href=\"\/site\/troca-de-padrao\/?utm_source=distribuicao-residencial&#038;utm_medium=&#038;utm_campaign=menu-lateral\" class=\"elementor-item\">Troca de padr\u00e3o<\/a><\/li>\n<li class=\"menu-item menu-item-type-custom menu-item-object-custom menu-item-18702\"><a href=\"\/site\/institucional\/programa-de-pesquisa-e-desenvolvimento\/?utm_source=distribuicao-residencial&#038;utm_medium=&#038;utm_campaign=menu-lateral\" class=\"elementor-item\">Pesquisa e desenvolvimento<\/a><\/li>\n<li class=\"menu-item menu-item-type-custom menu-item-object-custom menu-item-18703\"><a href=\"\/site\/copel-distribuicao\/conselho-de-consumidores\/?utm_source=distribuicao-residencial&#038;utm_medium=&#038;utm_campaign=menu-lateral\" class=\"elementor-item\">Conselho de consumidores<\/a><\/li>\n<li class=\"menu-item menu-item-type-custom menu-item-object-custom menu-item-18704\"><a href=\"\/site\/copel-distribuicao\/interrupcao-em-situacao-de-emergencia\/?utm_source=distribuicao-residencial&#038;utm_medium=&#038;utm_campaign=menu-lateral\" class=\"elementor-item\">Interrup\u00e7\u00e3o em situa\u00e7\u00e3o de conting\u00eancia<\/a><\/li>\n<\/ul>\t\t\t<\/nav>\n\t\t\t\t\t<div class=\"elementor-menu-toggle\" role=\"button\" tabindex=\"0\" aria-label=\"Menu Toggle\" aria-expanded=\"false\">\n\t\t\t<i aria-hidden=\"true\" role=\"presentation\" class=\"elementor-menu-toggle__icon--open eicon-menu-bar\"><\/i><i aria-hidden=\"true\" role=\"presentation\" class=\"elementor-menu-toggle__icon--close eicon-close\"><\/i>\t\t<\/div>\n\t\t\t\t\t<nav class=\"elementor-nav-menu--dropdown elementor-nav-menu__container\" aria-hidden=\"true\">\n\t\t\t\t<ul id=\"menu-2-aa3133e\" class=\"elementor-nav-menu sm-vertical\"><li class=\"menu-item menu-item-type-custom menu-item-object-custom menu-item-has-children menu-item-18685\"><a href=\"\/site\/copel-distribuicao\/?utm_source=distribuicao-residencial&#038;utm_medium=copel-distribuicao&#038;utm_campaign=menu-lateral\" class=\"elementor-item\" tabindex=\"-1\">Copel Distribui\u00e7\u00e3o<\/a>\n<ul class=\"sub-menu elementor-nav-menu--dropdown\">\n\t<li class=\"menu-item menu-item-type-custom menu-item-object-custom menu-item-18686\"><a href=\"\/site\/copel-distribuicao\/para-sua-casa\/?utm_source=distribuicao-residencial&#038;utm_medium=para-sua-casa&#038;utm_campaign=menu-lateral\" class=\"elementor-sub-item\" tabindex=\"-1\">Para sua casa<\/a><\/li>\n\t<li class=\"menu-item menu-item-type-custom menu-item-object-custom menu-item-18687\"><a href=\"\/site\/copel-distribuicao\/para-sua-empresa\/?utm_source=distribuicao-residencial&#038;utm_medium=para-sua-empresa&#038;utm_campaign=menu-lateral\" class=\"elementor-sub-item\" tabindex=\"-1\">Para sua empresa<\/a><\/li>\n\t<li class=\"menu-item menu-item-type-custom menu-item-object-custom menu-item-19277\"><a href=\"\/site\/copel-distribuicao\/poder-publico\/?utm_source=distribuicao-residencial&#038;utm_medium=poder-publico&#038;utm_campaign=menu-lateral\" class=\"elementor-sub-item\" tabindex=\"-1\">Poder p\u00fablico<\/a><\/li>\n\t<li class=\"menu-item menu-item-type-custom menu-item-object-custom menu-item-18688\"><a href=\"\/site\/copel-distribuicao\/rural\/?utm_source=distribuicao-residencial&#038;utm_medium=rural&#038;utm_campaign=menu-lateral\" class=\"elementor-sub-item\" tabindex=\"-1\">Rural<\/a><\/li>\n<\/ul>\n<\/li>\n<li class=\"menu-item menu-item-type-custom menu-item-object-custom menu-item-18689\"><a href=\"https:\/\/www.copel.com\/avaweb\/?utm_source=distribuicao-residencial&#038;utm_medium=agencia-virtual&#038;utm_campaign=menu-lateral\" class=\"elementor-item\" tabindex=\"-1\">Ag\u00eancia virtual<\/a><\/li>\n<li class=\"menu-item menu-item-type-custom menu-item-object-custom menu-item-18690\"><a href=\"\/site\/copel-distribuicao\/aplicativo-copel\/?utm_source=distribuicao-residencial&#038;utm_medium=aplicativo-copel&#038;utm_campaign=menu-lateral\" class=\"elementor-item\" tabindex=\"-1\">Aplicativo Copel<\/a><\/li>\n<li class=\"menu-item menu-item-type-custom menu-item-object-custom menu-item-18691\"><a href=\"\/site\/copel-distribuicao\/como-pagar-sua-conta\/?utm_source=distribuicao-residencial&#038;utm_medium=como-pagar-sua-conta&#038;utm_campaign=menu-lateral\" class=\"elementor-item\" tabindex=\"-1\">Como pagar sua conta<\/a><\/li>\n<li class=\"menu-item menu-item-type-custom menu-item-object-custom menu-item-18692\"><a href=\"\/site\/copel-distribuicao\/desligamento-programado\/?utm_source=distribuicao-residencial&#038;utm_medium=desligamento-programado&#038;utm_campaign=menu-lateral\" class=\"elementor-item\" tabindex=\"-1\">Consulta desligamento programado<\/a><\/li>\n<li class=\"menu-item menu-item-type-custom menu-item-object-custom menu-item-18693\"><a href=\"\/site\/copel-distribuicao\/eficiencia-energetica\/?utm_source=distribuicao-residencial&#038;utm_medium=&#038;utm_campaign=menu-lateral\" class=\"elementor-item\" tabindex=\"-1\">Efici\u00eancia energ\u00e9tica<\/a><\/li>\n<li class=\"menu-item menu-item-type-custom menu-item-object-custom menu-item-18694\"><a href=\"\/site\/copel-distribuicao\/usuarios-de-equipamentos-eletromedicos\/?utm_source=distribuicao-residencial&#038;utm_medium=&#038;utm_campaign=menu-lateral\" class=\"elementor-item\" tabindex=\"-1\">Equipamentos eletrom\u00e9dicos<\/a><\/li>\n<li class=\"menu-item menu-item-type-custom menu-item-object-custom menu-item-22965\"><a href=\"\/site\/copel-distribuicao\/faturas-energia\/\" class=\"elementor-item\" tabindex=\"-1\">Faturas de energia<\/a><\/li>\n<li class=\"menu-item menu-item-type-custom menu-item-object-custom menu-item-18695\"><a href=\"\/site\/copel-distribuicao\/formularios\/?utm_source=distribuicao-residencial&#038;utm_medium=&#038;utm_campaign=menu-lateral\" class=\"elementor-item\" tabindex=\"-1\">Formul\u00e1rios<\/a><\/li>\n<li class=\"menu-item menu-item-type-custom menu-item-object-custom menu-item-18696\"><a href=\"\/site\/fornecedores-e-parceiros\/geracao-distribuida\/?utm_source=distribuicao-residencial&#038;utm_medium=&#038;utm_campaign=menu-lateral\" class=\"elementor-item\" tabindex=\"-1\">Gera\u00e7\u00e3o distribu\u00edda<\/a><\/li>\n<li class=\"menu-item menu-item-type-custom menu-item-object-custom menu-item-18697\"><a href=\"\/site\/copel-distribuicao\/agencias-de-atendimento\/?utm_source=distribuicao-residencial&#038;utm_medium=&#038;utm_campaign=menu-lateral\" class=\"elementor-item\" tabindex=\"-1\">Locais de atendimento<\/a><\/li>\n<li class=\"menu-item menu-item-type-custom menu-item-object-custom menu-item-18698\"><a href=\"\/site\/copel-distribuicao\/pedido-de-ligacao\/?utm_source=distribuicao-residencial&#038;utm_medium=&#038;utm_campaign=menu-lateral\" class=\"elementor-item\" tabindex=\"-1\">Pedido de liga\u00e7\u00e3o<\/a><\/li>\n<li class=\"menu-item menu-item-type-custom menu-item-object-custom menu-item-18699\"><a href=\"\/site\/copel-distribuicao\/segunda-via\/\" class=\"elementor-item\" tabindex=\"-1\">Segunda via de fatura<\/a><\/li>\n<li class=\"menu-item menu-item-type-custom menu-item-object-custom menu-item-18700\"><a href=\"\/site\/copel-distribuicao\/tarifas-de-energia-eletrica\/?utm_source=distribuicao-residencial&#038;utm_medium=&#038;utm_campaign=menu-lateral\" class=\"elementor-item\" tabindex=\"-1\">Tarifas de energia<\/a><\/li>\n<li class=\"menu-item menu-item-type-custom menu-item-object-custom menu-item-18701\"><a href=\"\/site\/troca-de-padrao\/?utm_source=distribuicao-residencial&#038;utm_medium=&#038;utm_campaign=menu-lateral\" class=\"elementor-item\" tabindex=\"-1\">Troca de padr\u00e3o<\/a><\/li>\n<li class=\"menu-item menu-item-type-custom menu-item-object-custom menu-item-18702\"><a href=\"\/site\/institucional\/programa-de-pesquisa-e-desenvolvimento\/?utm_source=distribuicao-residencial&#038;utm_medium=&#038;utm_campaign=menu-lateral\" class=\"elementor-item\" tabindex=\"-1\">Pesquisa e desenvolvimento<\/a><\/li>\n<li class=\"menu-item menu-item-type-custom menu-item-object-custom menu-item-18703\"><a href=\"\/site\/copel-distribuicao\/conselho-de-consumidores\/?utm_source=distribuicao-residencial&#038;utm_medium=&#038;utm_campaign=menu-lateral\" class=\"elementor-item\" tabindex=\"-1\">Conselho de consumidores<\/a><\/li>\n<li class=\"menu-item menu-item-type-custom menu-item-object-custom menu-item-18704\"><a href=\"\/site\/copel-distribuicao\/interrupcao-em-situacao-de-emergencia\/?utm_source=distribuicao-residencial&#038;utm_medium=&#038;utm_campaign=menu-lateral\" class=\"elementor-item\" tabindex=\"-1\">Interrup\u00e7\u00e3o em situa\u00e7\u00e3o de conting\u00eancia<\/a><\/li>\n<\/ul>\t\t\t<\/nav>\n\t\t\t\t\t\t<\/div>\n\t\t\t\t<\/div>\n\t\t\t\t<\/div>\n\t\t<div class=\"elementor-element elementor-element-34bd46e e-con-full e-flex e-con e-child\" data-id=\"34bd46e\" data-element_type=\"container\" data-e-type=\"container\">\n\t\t\t\t<div class=\"elementor-element elementor-element-afd859e elementor-widget elementor-widget-html\" data-id=\"afd859e\" data-element_type=\"widget\" data-e-type=\"widget\" data-widget_type=\"html.default\">\n\t\t\t\t<div class=\"elementor-widget-container\">\n\t\t\t\t\t<style>\r\n.extrato-a{background:url(\/site\/wp-content\/uploads\/2022\/04\/fatura_a_extrato.jpg); width:660px; height:893px; margin:0 auto;}\r\n\r\n.extrato-a #logo\t\t{position:relative; width:500px; height:54px; float:left}\r\n.extrato-a #canais \t\t{position:relative; width:160px; height:54px; float:left}\r\n.extrato-a #dados-consumidor \t{position:relative; width:355px; height:101px; float:left;}\r\n.extrato-a #dados-fatura \t{position:relative; width:305px; height:101px; float:left;}\r\n.extrato-a #modalidade-tarifaria{position:relative; width:660px; height:17px; clear:left;}\r\n.extrato-a #info-tecnica \t{position:relative; width:660px; height:84px; clear:left;}\r\n.extrato-a #detalhe-valores \t{position:relative; width:660px; height:246px;}\r\n.extrato-a #indicadores\t\t{position:relative; width:660PX; height:77px;}\r\n.extrato-a #historico\t\t{position:relative; width:660px; height:314px;}\r\n\r\n<\/style>\r\n\t<div class=\"extrato-a\">\r\n\t\t<div id=\"logo\" class=\"dark\"><\/div>\r\n\t\t<div id=\"canais\" title=\"Canais de atendimento Copel - Informa os canais de atendimento Copel, site e 0800.\">\r\n\t\t\t<a href=\"#\"><\/a> \t\t\r\n\t\t<\/div>\t\r\n\t\t\t\t\t\t\r\n\t\t<div id=\"dados-consumidor\" title=\"Dados do Consumidor - Apresenta as informa\u00e7\u00f5es de nome, endere\u00e7o e documentos do titular da fatura.\">\r\n\t\t\t<a href=\"#\"><\/a> \r\n\t\t<\/div>\r\n\t\t<div id=\"dados-fatura\" title=\"Principais dados da fatura - Destaca o n\u00famero de identifica\u00e7\u00e3o, utilizado nas solicita\u00e7\u00f5es junto a Copel. Vencimento, Valor e M\u00eas de Refer\u00eancia da fatura.\">\r\n\t\t\t<a href=\"#\"><\/a> \r\n\t\t<\/div>\t\r\n\r\n\t\t<div id=\"modalidade-tarifaria\" title=\"Modalidade Tarif\u00e1ria e Data de Emiss\u00e3o da Fatura.\">\r\n\t\t\t<a href=\"#\"><\/a> \r\n\t\t<\/div>\r\n\r\n\t\t<div id=\"info-tecnica\" title=\"Informa\u00e7\u00f5es T\u00e9cnicas da Unidade Consumidora - Destaca informa\u00e7\u00f5es de leitura de medidor, n\u00famero e tipo de medidor, consumo m\u00e9dio, total faturado, classe de consumo e data prevista para pr\u00f3xima leitura.\">\r\n\t\t\t<a href=\"#\"><\/a> \r\n\t\t<\/div>\r\n\t\t\r\n\t\t<div id=\"detalhe-valores\" title=\"Detalhamento dos Valores Faturados - Destaca o valor total da fatura, discriminando em detalhes cada item faturado (consumo e outras cobran\u00e7as).\">\r\n\t\t\t<a href=\"#\"><\/a> \r\n\t\t<\/div>\t\r\n\r\n        <div id=\"indicadores\" title=\"Informa\u00e7\u00f5es Suplementares - Apresenta o desempenho da Copel nos \u00edndices de qualidade de fornecimento controlados pela ANEEL.\">\r\n            <a href=\"#\"><\/a> \r\n        <\/div>\t\r\n    \r\n        <div id=\"historico\" title=\"Hist\u00f3rico de Consumo e Pagamentos - Informa o consumo, data de pagamento e valor pago nos \u00faltimos 13 meses.\">\r\n            <a href=\"#\"><\/a> \r\n        <\/div>\t\r\n\r\n\t<\/div>\t\t\t\t<\/div>\n\t\t\t\t<\/div>\n\t\t\t\t<div class=\"elementor-element elementor-element-99f7742 elementor-widget elementor-widget-spacer\" data-id=\"99f7742\" data-element_type=\"widget\" data-e-type=\"widget\" data-widget_type=\"spacer.default\">\n\t\t\t\t<div class=\"elementor-widget-container\">\n\t\t\t\t\t\t\t<div class=\"elementor-spacer\">\n\t\t\t<div class=\"elementor-spacer-inner\"><\/div>\n\t\t<\/div>\n\t\t\t\t\t\t<\/div>\n\t\t\t\t<\/div>\n\t\t\t\t<\/div>\n\t\t\t\t\t<\/div>\n\t\t\t\t<\/div>\n\t\t\t\t<\/div>\n\t\t","protected":false},"excerpt":{"rendered":"","protected":false},"author":6,"featured_media":0,"parent":22945,"menu_order":0,"comment_status":"closed","ping_status":"closed","template":"elementor_header_footer","meta":{"_acf_changed":false,"footnotes":""},"categories":[],"tags":[],"wf_page_folders":[511],"class_list":["post-41392","page","type-page","status-publish","hentry"],"acf":[],"aioseo_notices":[],"_links":{"self":[{"href":"https:\/\/www.copel.com\/site\/wp-json\/wp\/v2\/pages\/41392","targetHints":{"allow":["GET"]}}],"collection":[{"href":"https:\/\/www.copel.com\/site\/wp-json\/wp\/v2\/pages"}],"about":[{"href":"https:\/\/www.copel.com\/site\/wp-json\/wp\/v2\/types\/page"}],"author":[{"embeddable":true,"href":"https:\/\/www.copel.com\/site\/wp-json\/wp\/v2\/users\/6"}],"replies":[{"embeddable":true,"href":"https:\/\/www.copel.com\/site\/wp-json\/wp\/v2\/comments?post=41392"}],"version-history":[{"count":4,"href":"https:\/\/www.copel.com\/site\/wp-json\/wp\/v2\/pages\/41392\/revisions"}],"predecessor-version":[{"id":41396,"href":"https:\/\/www.copel.com\/site\/wp-json\/wp\/v2\/pages\/41392\/revisions\/41396"}],"up":[{"embeddable":true,"href":"https:\/\/www.copel.com\/site\/wp-json\/wp\/v2\/pages\/22945"}],"wp:attachment":[{"href":"https:\/\/www.copel.com\/site\/wp-json\/wp\/v2\/media?parent=41392"}],"wp:term":[{"taxonomy":"category","embeddable":true,"href":"https:\/\/www.copel.com\/site\/wp-json\/wp\/v2\/categories?post=41392"},{"taxonomy":"post_tag","embeddable":true,"href":"https:\/\/www.copel.com\/site\/wp-json\/wp\/v2\/tags?post=41392"},{"taxonomy":"wf_page_folders","embeddable":true,"href":"https:\/\/www.copel.com\/site\/wp-json\/wp\/v2\/wf_page_folders?post=41392"}],"curies":[{"name":"wp","href":"https:\/\/api.w.org\/{rel}","templated":true}]}}