{"id":32007,"date":"2023-07-27T16:25:47","date_gmt":"2023-07-27T19:25:47","guid":{"rendered":"https:\/\/www.copel.com\/site\/?page_id=32007"},"modified":"2023-07-27T16:35:43","modified_gmt":"2023-07-27T19:35:43","slug":"termo-de-uso-meu-rh-copel","status":"publish","type":"page","link":"https:\/\/www.copel.com\/site\/institucional\/termo-de-uso-meu-rh-copel\/","title":{"rendered":"Termo de uso meu RH Copel"},"content":{"rendered":"\t\t<div data-elementor-type=\"wp-page\" data-elementor-id=\"32007\" class=\"elementor elementor-32007\" data-elementor-post-type=\"page\">\n\t\t\t\t\t\t<section class=\"elementor-section elementor-top-section elementor-element elementor-element-3a02e55a elementor-section-full_width imgDestaque Atendimento elementor-section-height-default elementor-section-height-default\" data-id=\"3a02e55a\" data-element_type=\"section\" data-e-type=\"section\" data-settings=\"{&quot;background_background&quot;:&quot;classic&quot;}\">\n\t\t\t\t\t\t\t<div class=\"elementor-background-overlay\"><\/div>\n\t\t\t\t\t\t\t<div class=\"elementor-container elementor-column-gap-default\">\n\t\t\t\t\t<div class=\"elementor-column elementor-col-100 elementor-top-column elementor-element elementor-element-5140ecb6 box-destaque\" data-id=\"5140ecb6\" data-element_type=\"column\" data-e-type=\"column\">\n\t\t\t<div class=\"elementor-widget-wrap elementor-element-populated\">\n\t\t\t\t\t\t<div class=\"elementor-element elementor-element-3920bddf elementor-search-form--skin-classic elementor-search-form--button-type-icon elementor-search-form--icon-search elementor-widget elementor-widget-search-form\" data-id=\"3920bddf\" data-element_type=\"widget\" data-e-type=\"widget\" data-settings=\"{&quot;skin&quot;:&quot;classic&quot;}\" data-widget_type=\"search-form.default\">\n\t\t\t\t<div class=\"elementor-widget-container\">\n\t\t\t\t\t\t\t<search role=\"search\">\n\t\t\t<form class=\"elementor-search-form\" action=\"https:\/\/www.copel.com\/site\" method=\"get\">\n\t\t\t\t\t\t\t\t\t\t\t\t<div class=\"elementor-search-form__container\">\n\t\t\t\t\t<label class=\"elementor-screen-only\" for=\"elementor-search-form-3920bddf\">Search<\/label>\n\n\t\t\t\t\t\n\t\t\t\t\t<input id=\"elementor-search-form-3920bddf\" placeholder=\"O que voc\u00ea est\u00e1 buscando?\" class=\"elementor-search-form__input\" type=\"search\" name=\"s\" value=\"\">\n\t\t\t\t\t\n\t\t\t\t\t\t\t\t\t\t\t<button class=\"elementor-search-form__submit\" type=\"submit\" aria-label=\"Search\">\n\t\t\t\t\t\t\t\t\t\t\t\t\t\t\t<i aria-hidden=\"true\" class=\"fas fa-search\"><\/i>\t\t\t\t\t\t\t\t\t\t\t\t\t<\/button>\n\t\t\t\t\t\n\t\t\t\t\t\t\t\t\t<\/div>\n\t\t\t<\/form>\n\t\t<\/search>\n\t\t\t\t\t\t<\/div>\n\t\t\t\t<\/div>\n\t\t\t\t<div class=\"elementor-element elementor-element-4fba0b26 elementor-widget elementor-widget-heading\" data-id=\"4fba0b26\" data-element_type=\"widget\" data-e-type=\"widget\" data-widget_type=\"heading.default\">\n\t\t\t\t<div class=\"elementor-widget-container\">\n\t\t\t\t\t<h1 class=\"elementor-heading-title elementor-size-default\">Termo de uso<\/h1>\t\t\t\t<\/div>\n\t\t\t\t<\/div>\n\t\t\t\t<div class=\"elementor-element elementor-element-60c8c0e0 elementor-widget elementor-widget-text-editor\" data-id=\"60c8c0e0\" data-element_type=\"widget\" data-e-type=\"widget\" data-widget_type=\"text-editor.default\">\n\t\t\t\t<div class=\"elementor-widget-container\">\n\t\t\t\t\t\t\t\t\t<p>A utiliza\u00e7\u00e3o desse servi\u00e7o somente ser\u00e1 poss\u00edvel mediante leitura e concord\u00e2ncia com o presente Termo e com a Pol\u00edtica de Privacidade da Copel.<\/p>\t\t\t\t\t\t\t\t<\/div>\n\t\t\t\t<\/div>\n\t\t\t\t\t<\/div>\n\t\t<\/div>\n\t\t\t\t\t<\/div>\n\t\t<\/section>\n\t\t\t\t<section class=\"elementor-section elementor-top-section elementor-element elementor-element-66764f1 elementor-section-boxed elementor-section-height-default elementor-section-height-default\" data-id=\"66764f1\" data-element_type=\"section\" data-e-type=\"section\">\n\t\t\t\t\t\t<div class=\"elementor-container elementor-column-gap-default\">\n\t\t\t\t\t<div class=\"elementor-column elementor-col-100 elementor-top-column elementor-element elementor-element-7acc1b5\" data-id=\"7acc1b5\" data-element_type=\"column\" data-e-type=\"column\">\n\t\t\t<div class=\"elementor-widget-wrap elementor-element-populated\">\n\t\t\t\t\t\t<div class=\"elementor-element elementor-element-54df3c1 elementor-widget elementor-widget-text-editor\" data-id=\"54df3c1\" data-element_type=\"widget\" data-e-type=\"widget\" data-widget_type=\"text-editor.default\">\n\t\t\t\t<div class=\"elementor-widget-container\">\n\t\t\t\t\t\t\t\t\t<ol><li>O aceite deste Termo implica na instala\u00e7\u00e3o e utiliza\u00e7\u00e3o do aplicativo \u201cMeu RH Copel\u201d com todas as fun\u00e7\u00f5es disponibilizadas.<\/li><li>Para que seja poss\u00edvel a utiliza\u00e7\u00e3o, deve ser habilitada a fun\u00e7\u00e3o GPS nos ajustes do aparelho.<\/li><li>A funcionalidade do aplicativo utilizar\u00e1 internet do usu\u00e1rio.<\/li><li>O usu\u00e1rio dever\u00e1 efetivar o registro de ponto por meio de seu smartphone pessoal, n\u00e3o sendo permitido o login de outros empregados no mesmo equipamento.<\/li><li>O usu\u00e1rio se compromete a cumprir as regras da Normas internas que regem controle de frequ\u00eancia na Copel.<\/li><li>O usu\u00e1rio dever\u00e1 respeitar os limites impostos pela sua jornada de trabalho.<\/li><li>O registro do ponto dever\u00e1 ser realizado exclusivamente no interior do pr\u00e9dio de lota\u00e7\u00e3o do empregado, exemplo: Edif\u00edcio Sede, Km 3 \u2013 bloco A; Km3 \u2013 bloco B.<\/li><li>O registro informado no aplicativo ser\u00e1 sempre o \u00faltimo feito por meio deste, n\u00e3o apresentar\u00e1 o registro via computador ou equipamento biom\u00e9trico.<\/li><li>O usu\u00e1rio se responsabiliza pela atualiza\u00e7\u00e3o da vers\u00e3o do aplicativo, sempre que houver necessidade, a fim de garantir o correto e eficiente desempenho de todas as suas fun\u00e7\u00f5es.<\/li><li>Ao assinalar a op\u00e7\u00e3o &#8220;Aceito&#8221; o usu\u00e1rio declara estar ciente da Pol\u00edtica de Privacidade da Copel e ter tomado conhecimento das condi\u00e7\u00f5es aqui estabelecidas.<\/li><\/ol>\t\t\t\t\t\t\t\t<\/div>\n\t\t\t\t<\/div>\n\t\t\t\t\t<\/div>\n\t\t<\/div>\n\t\t\t\t\t<\/div>\n\t\t<\/section>\n\t\t\t\t<\/div>\n\t\t","protected":false},"excerpt":{"rendered":"<p>Termo de uso A utiliza\u00e7\u00e3o desse servi\u00e7o somente ser\u00e1 poss\u00edvel mediante leitura e concord\u00e2ncia com o presente Termo e com a Pol\u00edtica de Privacidade da Copel. O aceite deste Termo implica na instala\u00e7\u00e3o e utiliza\u00e7\u00e3o do aplicativo \u201cMeu RH Copel\u201d com todas as fun\u00e7\u00f5es disponibilizadas. Para que seja poss\u00edvel a utiliza\u00e7\u00e3o, deve ser habilitada a [&hellip;]<\/p>\n","protected":false},"author":6,"featured_media":0,"parent":2097,"menu_order":0,"comment_status":"closed","ping_status":"closed","template":"elementor_header_footer","meta":{"_acf_changed":false,"footnotes":""},"categories":[],"tags":[],"wf_page_folders":[485],"class_list":["post-32007","page","type-page","status-publish","hentry"],"acf":[],"aioseo_notices":[],"_links":{"self":[{"href":"https:\/\/www.copel.com\/site\/wp-json\/wp\/v2\/pages\/32007","targetHints":{"allow":["GET"]}}],"collection":[{"href":"https:\/\/www.copel.com\/site\/wp-json\/wp\/v2\/pages"}],"about":[{"href":"https:\/\/www.copel.com\/site\/wp-json\/wp\/v2\/types\/page"}],"author":[{"embeddable":true,"href":"https:\/\/www.copel.com\/site\/wp-json\/wp\/v2\/users\/6"}],"replies":[{"embeddable":true,"href":"https:\/\/www.copel.com\/site\/wp-json\/wp\/v2\/comments?post=32007"}],"version-history":[{"count":0,"href":"https:\/\/www.copel.com\/site\/wp-json\/wp\/v2\/pages\/32007\/revisions"}],"up":[{"embeddable":true,"href":"https:\/\/www.copel.com\/site\/wp-json\/wp\/v2\/pages\/2097"}],"wp:attachment":[{"href":"https:\/\/www.copel.com\/site\/wp-json\/wp\/v2\/media?parent=32007"}],"wp:term":[{"taxonomy":"category","embeddable":true,"href":"https:\/\/www.copel.com\/site\/wp-json\/wp\/v2\/categories?post=32007"},{"taxonomy":"post_tag","embeddable":true,"href":"https:\/\/www.copel.com\/site\/wp-json\/wp\/v2\/tags?post=32007"},{"taxonomy":"wf_page_folders","embeddable":true,"href":"https:\/\/www.copel.com\/site\/wp-json\/wp\/v2\/wf_page_folders?post=32007"}],"curies":[{"name":"wp","href":"https:\/\/api.w.org\/{rel}","templated":true}]}}