{"id":26021,"date":"2022-06-06T14:41:12","date_gmt":"2022-06-06T17:41:12","guid":{"rendered":"https:\/\/www.copel.com\/site\/?page_id=26021"},"modified":"2024-07-24T16:25:26","modified_gmt":"2024-07-24T19:25:26","slug":"ressarcimento-de-danos-entrega-de-laudos-e-autorizacao-de-credito","status":"publish","type":"page","link":"https:\/\/www.copel.com\/site\/copel-distribuicao\/atendimento\/ressarcimento-de-danos-entrega-de-laudos-e-autorizacao-de-credito\/","title":{"rendered":"Ressarcimento de danos &#8211; entrega de laudos e autoriza\u00e7\u00e3o de cr\u00e9dito"},"content":{"rendered":"\t\t<div data-elementor-type=\"wp-page\" data-elementor-id=\"26021\" class=\"elementor elementor-26021\" data-elementor-post-type=\"page\">\n\t\t\t\t\t\t<section class=\"elementor-section elementor-top-section elementor-element elementor-element-756d0440 elementor-section-full_width imgDestaque elementor-section-content-middle elementor-section-height-default elementor-section-height-default\" data-id=\"756d0440\" data-element_type=\"section\" data-e-type=\"section\" data-settings=\"{&quot;background_background&quot;:&quot;classic&quot;}\">\n\t\t\t\t\t\t\t<div class=\"elementor-background-overlay\"><\/div>\n\t\t\t\t\t\t\t<div class=\"elementor-container elementor-column-gap-default\">\n\t\t\t\t\t<div class=\"elementor-column elementor-col-100 elementor-top-column elementor-element elementor-element-7742bb6b box-destaque\" data-id=\"7742bb6b\" data-element_type=\"column\" data-e-type=\"column\">\n\t\t\t<div class=\"elementor-widget-wrap elementor-element-populated\">\n\t\t\t\t\t\t<div class=\"elementor-element elementor-element-141c7808 elementor-widget elementor-widget-heading\" data-id=\"141c7808\" data-element_type=\"widget\" data-e-type=\"widget\" data-widget_type=\"heading.default\">\n\t\t\t\t<div class=\"elementor-widget-container\">\n\t\t\t\t\t<h1 class=\"elementor-heading-title elementor-size-default\">Ressarcimento de danos - entrega de laudos e autoriza\u00e7\u00e3o de cr\u00e9dito<\/h1>\t\t\t\t<\/div>\n\t\t\t\t<\/div>\n\t\t\t\t\t<\/div>\n\t\t<\/div>\n\t\t\t\t\t<\/div>\n\t\t<\/section>\n\t\t\t\t<section class=\"elementor-section elementor-top-section elementor-element elementor-element-3d194f7d elementor-section-full_width elementor-section-height-default elementor-section-height-default\" data-id=\"3d194f7d\" data-element_type=\"section\" data-e-type=\"section\">\n\t\t\t\t\t\t<div class=\"elementor-container elementor-column-gap-default\">\n\t\t\t\t\t<div class=\"elementor-column elementor-col-100 elementor-top-column elementor-element elementor-element-8142b97\" data-id=\"8142b97\" data-element_type=\"column\" data-e-type=\"column\">\n\t\t\t<div class=\"elementor-widget-wrap elementor-element-populated\">\n\t\t\t\t\t\t<div class=\"elementor-element elementor-element-d384072 elementor-widget elementor-widget-html\" data-id=\"d384072\" data-element_type=\"widget\" data-e-type=\"widget\" data-widget_type=\"html.default\">\n\t\t\t\t<div class=\"elementor-widget-container\">\n\t\t\t\t\t<script>\n\n     function sizeFrame() { \n        \n        const element = document.getElementById(\"appFrame\");\n    \n        if(element.contentWindow.location.href == \"https:\/\/www.copel.com\/site\/\"){\n            element.contentWindow.location.href = element.getAttribute(\"src\");\n            return false;\n        }\n        \n        if(element.contentDocument) { \n            var contentHeight = element.contentWindow.document.body.scrollHeight;\n            \n            if(contentHeight <= 300)\n                element.height = 1100 + \"px\";\n            else\n                element.height = contentHeight + \"px\";\n        }\n    }  \n    \n    window.onload=sizeFrame;\n   setInterval(sizeFrame, 800);\n\n<\/script> \n\n<iframe id=\"appFrame\" src=\"\/paveweb\/maisservicos\/ressarcimentoDanos.jsf\" width=\"100%\" height=\"100%\" title=\"Pedido de liga\u00e7\u00e3o\" scrolling=\"no\" sandbox=\"allow-same-origin allow-scripts allow-forms allow-modals allow-top-navigation\"><\/iframe>\t\t\t\t<\/div>\n\t\t\t\t<\/div>\n\t\t\t\t<div class=\"elementor-element elementor-element-979d689 elementor-hidden-desktop elementor-hidden-tablet elementor-hidden-mobile elementor-widget elementor-widget-wpforms\" data-id=\"979d689\" data-element_type=\"widget\" data-e-type=\"widget\" data-widget_type=\"wpforms.default\">\n\t\t\t\t<div class=\"elementor-widget-container\">\n\t\t\t\t\t<div class=\"wpforms-container wpforms-container-full wpforms-render-modern\" id=\"wpforms-27671\"><form id=\"wpforms-form-27671\" class=\"wpforms-validate wpforms-form\" data-formid=\"27671\" method=\"post\" enctype=\"multipart\/form-data\" action=\"\/site\/wp-json\/wp\/v2\/pages\/26021\" data-token=\"6f6695d4ea2c058bf27fcd682172aa62\" data-token-time=\"1777049637\"><noscript class=\"wpforms-error-noscript\">Ative o JavaScript no seu navegador para preencher este formul\u00e1rio.<\/noscript><div id=\"wpforms-error-noscript\" style=\"display: none;\">Ative o JavaScript no seu navegador para preencher este formul\u00e1rio.<\/div><div class=\"wpforms-field-container\"><div id=\"wpforms-27671-field_3-container\" class=\"wpforms-field wpforms-field-divider\" data-field-type=\"divider\" data-field-id=\"3\"><h3 id=\"wpforms-27671-field_3\" aria-errormessage=\"wpforms-27671-field_3-error\">Dados do solicitante<\/h3><\/div><div id=\"wpforms-27671-field_0-container\" class=\"wpforms-field wpforms-field-name\" data-field-type=\"name\" data-field-id=\"0\"><label class=\"wpforms-field-label\" for=\"wpforms-27671-field_0\">Nome completo <span class=\"wpforms-required-label\" aria-hidden=\"true\">*<\/span><\/label><input type=\"text\" id=\"wpforms-27671-field_0\" class=\"wpforms-field-large wpforms-field-required\" name=\"wpforms[fields][0]\" aria-errormessage=\"wpforms-27671-field_0-error\" required><\/div><div id=\"wpforms-27671-field_4-container\" class=\"wpforms-field wpforms-field-phone wpforms-one-half wpforms-first\" data-field-type=\"phone\" data-field-id=\"4\"><label class=\"wpforms-field-label\" for=\"wpforms-27671-field_4\">Telefone<\/label><input type=\"tel\" id=\"wpforms-27671-field_4\" class=\"wpforms-field-large wpforms-smart-phone-field\" data-rule-smart-phone-field=\"true\" name=\"wpforms[fields][4]\" aria-label=\"Telefone\" aria-errormessage=\"wpforms-27671-field_4-error\" ><\/div><div id=\"wpforms-27671-field_1-container\" class=\"wpforms-field wpforms-field-email wpforms-one-half\" data-field-type=\"email\" data-field-id=\"1\"><label class=\"wpforms-field-label\" for=\"wpforms-27671-field_1\">E-mail <span class=\"wpforms-required-label\" aria-hidden=\"true\">*<\/span><\/label><input type=\"email\" id=\"wpforms-27671-field_1\" class=\"wpforms-field-large wpforms-field-required\" name=\"wpforms[fields][1]\" spellcheck=\"false\" aria-errormessage=\"wpforms-27671-field_1-error\" required><\/div><div id=\"wpforms-27671-field_13-container\" class=\"wpforms-field wpforms-field-html\" data-field-type=\"html\" data-field-id=\"13\"><div id=\"wpforms-27671-field_13\" aria-errormessage=\"wpforms-27671-field_13-error\"><hr \/><\/div><\/div><div id=\"wpforms-27671-field_5-container\" class=\"wpforms-field wpforms-field-divider\" data-field-type=\"divider\" data-field-id=\"5\"><h3 id=\"wpforms-27671-field_5\" aria-errormessage=\"wpforms-27671-field_5-error\">Dados do titular da unidade consumidora<\/h3><\/div><div id=\"wpforms-27671-field_6-container\" class=\"wpforms-field wpforms-field-name wpforms-one-half wpforms-first\" data-field-type=\"name\" data-field-id=\"6\"><label class=\"wpforms-field-label\" for=\"wpforms-27671-field_6\">Nome completo <span class=\"wpforms-required-label\" aria-hidden=\"true\">*<\/span><\/label><input type=\"text\" id=\"wpforms-27671-field_6\" class=\"wpforms-field-large wpforms-field-required\" name=\"wpforms[fields][6]\" aria-errormessage=\"wpforms-27671-field_6-error\" required><\/div><div id=\"wpforms-27671-field_7-container\" class=\"wpforms-field wpforms-field-number wpforms-one-half\" data-field-type=\"number\" data-field-id=\"7\"><label class=\"wpforms-field-label\" for=\"wpforms-27671-field_7\">CPF\/CNPJ <span class=\"wpforms-required-label\" aria-hidden=\"true\">*<\/span><\/label><input type=\"number\" id=\"wpforms-27671-field_7\" class=\"wpforms-field-large wpforms-field-required\" name=\"wpforms[fields][7]\" step=\"any\" aria-errormessage=\"wpforms-27671-field_7-error\" required><\/div><div id=\"wpforms-27671-field_11-container\" class=\"wpforms-field wpforms-field-html\" data-field-type=\"html\" data-field-id=\"11\"><div id=\"wpforms-27671-field_11\" aria-errormessage=\"wpforms-27671-field_11-error\"><hr \/><\/div><\/div><div id=\"wpforms-27671-field_9-container\" class=\"wpforms-field wpforms-field-number\" data-field-type=\"number\" data-field-id=\"9\"><label class=\"wpforms-field-label\" for=\"wpforms-27671-field_9\">Unidade Consumidora do d\u00e9bito <span class=\"wpforms-required-label\" aria-hidden=\"true\">*<\/span><\/label><input type=\"number\" id=\"wpforms-27671-field_9\" class=\"wpforms-field-small wpforms-field-required\" name=\"wpforms[fields][9]\" step=\"any\" aria-errormessage=\"wpforms-27671-field_9-error\" required><\/div><div id=\"wpforms-27671-field_14-container\" class=\"wpforms-field wpforms-field-address\" data-field-type=\"address\" data-field-id=\"14\"><fieldset><legend class=\"wpforms-field-label\">Endere\u00e7o completo da unidade consumidora <span class=\"wpforms-required-label\" aria-hidden=\"true\">*<\/span><\/legend><div class=\"wpforms-field-row wpforms-field-large\"><div ><input type=\"text\" id=\"wpforms-27671-field_14\" class=\"wpforms-field-address-address1 wpforms-field-required\" name=\"wpforms[fields][14][address1]\" placeholder=\"Rua, n\u00famero\" aria-errormessage=\"wpforms-27671-field_14-error\" required><label for=\"wpforms-27671-field_14\" class=\"wpforms-field-sublabel after wpforms-sublabel-hide\">Address Line 1<\/label><\/div><\/div><div class=\"wpforms-field-row wpforms-field-large\"><div ><input type=\"text\" id=\"wpforms-27671-field_14-address2\" class=\"wpforms-field-address-address2\" name=\"wpforms[fields][14][address2]\" placeholder=\"Bairro e complemento\" aria-errormessage=\"wpforms-27671-field_14-address2-error\" ><label for=\"wpforms-27671-field_14-address2\" class=\"wpforms-field-sublabel after wpforms-sublabel-hide\">Address Line 2<\/label><\/div><\/div><div class=\"wpforms-field-row wpforms-field-large\"><div class=\"wpforms-field-row-block wpforms-one-half wpforms-first\"><input type=\"text\" id=\"wpforms-27671-field_14-city\" class=\"wpforms-field-address-city wpforms-field-required\" name=\"wpforms[fields][14][city]\" placeholder=\"Cidade\" aria-errormessage=\"wpforms-27671-field_14-city-error\" required><label for=\"wpforms-27671-field_14-city\" class=\"wpforms-field-sublabel after wpforms-sublabel-hide\">Cidade<\/label><\/div><div class=\"wpforms-field-row-block wpforms-one-half\"><input type=\"text\" id=\"wpforms-27671-field_14-state\" class=\"wpforms-field-address-state wpforms-field-required\" name=\"wpforms[fields][14][state]\" placeholder=\"Estado\" aria-errormessage=\"wpforms-27671-field_14-state-error\" required><label for=\"wpforms-27671-field_14-state\" class=\"wpforms-field-sublabel after wpforms-sublabel-hide\">State \/ Province \/ Region<\/label><\/div><\/div><div class=\"wpforms-field-row wpforms-field-large\"><div class=\"wpforms-field-row-block wpforms-one-half wpforms-first\"><input type=\"text\" id=\"wpforms-27671-field_14-postal\" class=\"wpforms-field-address-postal wpforms-field-required\" name=\"wpforms[fields][14][postal]\" placeholder=\"CEP\" aria-errormessage=\"wpforms-27671-field_14-postal-error\" required><label for=\"wpforms-27671-field_14-postal\" class=\"wpforms-field-sublabel after wpforms-sublabel-hide\">Postal Code<\/label><\/div><\/div><\/fieldset><\/div><div id=\"wpforms-27671-field_16-container\" class=\"wpforms-field wpforms-field-textarea\" data-field-type=\"textarea\" data-field-id=\"16\"><label class=\"wpforms-field-label\" for=\"wpforms-27671-field_16\">Observa\u00e7\u00f5es<\/label><textarea id=\"wpforms-27671-field_16\" class=\"wpforms-field-medium\" name=\"wpforms[fields][16]\" aria-errormessage=\"wpforms-27671-field_16-error\" ><\/textarea><\/div><\/div><!-- .wpforms-field-container --><div class=\"wpforms-submit-container\" ><input type=\"hidden\" name=\"wpforms[id]\" value=\"27671\"><input type=\"hidden\" name=\"page_title\" value=\"\"><input type=\"hidden\" name=\"page_url\" value=\"https:\/\/www.copel.com\/site\/wp-json\/wp\/v2\/pages\/26021\"><input type=\"hidden\" name=\"url_referer\" value=\"\"><button type=\"submit\" name=\"wpforms[submit]\" id=\"wpforms-submit-27671\" class=\"wpforms-submit\" data-alt-text=\"Enviando...\" data-submit-text=\"Enviar\" aria-live=\"assertive\" value=\"wpforms-submit\">Enviar<\/button><\/div><\/form><\/div>  <!-- .wpforms-container -->\t\t\t\t<\/div>\n\t\t\t\t<\/div>\n\t\t\t\t<div class=\"elementor-element elementor-element-4558393 elementor-position-inline-start text-content elementor-view-default elementor-mobile-position-block-start elementor-widget elementor-widget-icon-box\" data-id=\"4558393\" data-element_type=\"widget\" data-e-type=\"widget\" data-widget_type=\"icon-box.default\">\n\t\t\t\t<div class=\"elementor-widget-container\">\n\t\t\t\t\t\t\t<div class=\"elementor-icon-box-wrapper\">\n\n\t\t\t\t\t\t<div class=\"elementor-icon-box-icon\">\n\t\t\t\t<span  class=\"elementor-icon\">\n\t\t\t\t<i aria-hidden=\"true\" class=\"fas fa-exclamation-circle\"><\/i>\t\t\t\t<\/span>\n\t\t\t<\/div>\n\t\t\t\n\t\t\t\t\t\t<div class=\"elementor-icon-box-content\">\n\n\t\t\t\t\n\t\t\t\t\t\t\t\t\t<p class=\"elementor-icon-box-description\">\n\t\t\t\t\t\tSempre verifique&nbsp;sua caixa de SPAM, os e-mails de resposta da Copel podem ser indevidamente direcionados para l\u00e1.&nbsp;\t\t\t\t\t<\/p>\n\t\t\t\t\n\t\t\t<\/div>\n\t\t\t\n\t\t<\/div>\n\t\t\t\t\t\t<\/div>\n\t\t\t\t<\/div>\n\t\t\t\t\t<\/div>\n\t\t<\/div>\n\t\t\t\t\t<\/div>\n\t\t<\/section>\n\t\t\t\t<\/div>\n\t\t","protected":false},"excerpt":{"rendered":"<p>Ressarcimento de danos &#8211; entrega de laudos e autoriza\u00e7\u00e3o de cr\u00e9dito Ative o JavaScript no seu navegador para preencher este formul\u00e1rio. Dados do solicitante Nome completo *TelefoneE-mail * Dados do titular da unidade consumidora Nome completo *CPF\/CNPJ * Unidade Consumidora do d\u00e9bito *Endere\u00e7o completo da unidade consumidora *Address Line 1Address Line 2CityState \/ Province \/ [&hellip;]<\/p>\n","protected":false},"author":6,"featured_media":0,"parent":18478,"menu_order":0,"comment_status":"closed","ping_status":"closed","template":"elementor_header_footer","meta":{"_acf_changed":false,"footnotes":""},"categories":[],"tags":[],"wf_page_folders":[444],"class_list":["post-26021","page","type-page","status-publish","hentry"],"acf":[],"aioseo_notices":[],"_links":{"self":[{"href":"https:\/\/www.copel.com\/site\/wp-json\/wp\/v2\/pages\/26021","targetHints":{"allow":["GET"]}}],"collection":[{"href":"https:\/\/www.copel.com\/site\/wp-json\/wp\/v2\/pages"}],"about":[{"href":"https:\/\/www.copel.com\/site\/wp-json\/wp\/v2\/types\/page"}],"author":[{"embeddable":true,"href":"https:\/\/www.copel.com\/site\/wp-json\/wp\/v2\/users\/6"}],"replies":[{"embeddable":true,"href":"https:\/\/www.copel.com\/site\/wp-json\/wp\/v2\/comments?post=26021"}],"version-history":[{"count":12,"href":"https:\/\/www.copel.com\/site\/wp-json\/wp\/v2\/pages\/26021\/revisions"}],"predecessor-version":[{"id":39568,"href":"https:\/\/www.copel.com\/site\/wp-json\/wp\/v2\/pages\/26021\/revisions\/39568"}],"up":[{"embeddable":true,"href":"https:\/\/www.copel.com\/site\/wp-json\/wp\/v2\/pages\/18478"}],"wp:attachment":[{"href":"https:\/\/www.copel.com\/site\/wp-json\/wp\/v2\/media?parent=26021"}],"wp:term":[{"taxonomy":"category","embeddable":true,"href":"https:\/\/www.copel.com\/site\/wp-json\/wp\/v2\/categories?post=26021"},{"taxonomy":"post_tag","embeddable":true,"href":"https:\/\/www.copel.com\/site\/wp-json\/wp\/v2\/tags?post=26021"},{"taxonomy":"wf_page_folders","embeddable":true,"href":"https:\/\/www.copel.com\/site\/wp-json\/wp\/v2\/wf_page_folders?post=26021"}],"curies":[{"name":"wp","href":"https:\/\/api.w.org\/{rel}","templated":true}]}}