{"id":18523,"date":"2021-12-21T15:53:46","date_gmt":"2021-12-21T18:53:46","guid":{"rendered":"https:\/\/10.120.2.40\/hpcweb\/?page_id=18523"},"modified":"2025-12-29T11:10:24","modified_gmt":"2025-12-29T14:10:24","slug":"troca-de-padrao","status":"publish","type":"page","link":"https:\/\/www.copel.com\/site\/copel-distribuicao\/troca-de-padrao\/","title":{"rendered":"Troca de padr\u00e3o"},"content":{"rendered":"\t\t<div data-elementor-type=\"wp-page\" data-elementor-id=\"18523\" class=\"elementor elementor-18523\" data-elementor-post-type=\"page\">\n\t\t\t\t\t\t<section class=\"elementor-section elementor-top-section elementor-element elementor-element-28c7458c elementor-section-full_width imgDestaque elementor-section-content-middle elementor-section-height-default elementor-section-height-default\" data-id=\"28c7458c\" data-element_type=\"section\" data-e-type=\"section\" data-settings=\"{&quot;background_background&quot;:&quot;classic&quot;}\">\n\t\t\t\t\t\t\t<div class=\"elementor-background-overlay\"><\/div>\n\t\t\t\t\t\t\t<div class=\"elementor-container elementor-column-gap-default\">\n\t\t\t\t\t<div class=\"elementor-column elementor-col-100 elementor-top-column elementor-element elementor-element-7038e526 box-destaque\" data-id=\"7038e526\" data-element_type=\"column\" data-e-type=\"column\">\n\t\t\t<div class=\"elementor-widget-wrap elementor-element-populated\">\n\t\t\t\t\t\t<div class=\"elementor-element elementor-element-5fd03567 elementor-widget elementor-widget-heading\" data-id=\"5fd03567\" data-element_type=\"widget\" data-e-type=\"widget\" data-widget_type=\"heading.default\">\n\t\t\t\t<div class=\"elementor-widget-container\">\n\t\t\t\t\t<h1 class=\"elementor-heading-title elementor-size-default\">Troca de padr\u00e3o<\/h1>\t\t\t\t<\/div>\n\t\t\t\t<\/div>\n\t\t\t\t\t<\/div>\n\t\t<\/div>\n\t\t\t\t\t<\/div>\n\t\t<\/section>\n\t\t\t\t<section class=\"elementor-section elementor-top-section elementor-element elementor-element-72db2105 elementor-section-full_width elementor-section-height-default elementor-section-height-default\" data-id=\"72db2105\" data-element_type=\"section\" data-e-type=\"section\">\n\t\t\t\t\t\t<div class=\"elementor-container elementor-column-gap-default\">\n\t\t\t\t\t<div class=\"elementor-column elementor-col-100 elementor-top-column elementor-element elementor-element-3839c677\" data-id=\"3839c677\" data-element_type=\"column\" data-e-type=\"column\">\n\t\t\t<div class=\"elementor-widget-wrap elementor-element-populated\">\n\t\t\t\t\t\t<section class=\"elementor-section elementor-inner-section elementor-element elementor-element-dc47b72 elementor-section-boxed elementor-section-height-default elementor-section-height-default\" data-id=\"dc47b72\" data-element_type=\"section\" data-e-type=\"section\">\n\t\t\t\t\t\t<div class=\"elementor-container elementor-column-gap-default\">\n\t\t\t\t\t<div class=\"elementor-column elementor-col-50 elementor-inner-column elementor-element elementor-element-4e405a4\" data-id=\"4e405a4\" data-element_type=\"column\" data-e-type=\"column\">\n\t\t\t<div class=\"elementor-widget-wrap elementor-element-populated\">\n\t\t\t\t\t\t<div class=\"elementor-element elementor-element-3e34dc5 elementor-alert-warning elementor-widget elementor-widget-alert\" data-id=\"3e34dc5\" data-element_type=\"widget\" data-e-type=\"widget\" data-widget_type=\"alert.default\">\n\t\t\t\t<div class=\"elementor-widget-container\">\n\t\t\t\t\t\t\t<div class=\"elementor-alert\" role=\"alert\">\n\n\t\t\t\t\t\t<span class=\"elementor-alert-title\">Aten\u00e7\u00e3o!<\/span>\n\t\t\t\n\t\t\t\t\t\t<span class=\"elementor-alert-description\">Para solicita\u00e7\u00f5es que envolvam o pedido de uma ou mais liga\u00e7\u00f5es novas, seja por padroniza\u00e7\u00e3o de entrada de servi\u00e7o, aumento ou redu\u00e7\u00e3o de carga; \n<br \/><br>\nPara solicita\u00e7\u00e3o de liga\u00e7\u00e3o com altera\u00e7\u00e3o de carga, caso se identifique a necessidade de altera\u00e7\u00e3o da carga j\u00e1 no momento de solicitar a liga\u00e7\u00e3o. \n<br \/> <br \/>\n(Incluir no campo observa\u00e7\u00e3o que se trata de padroniza\u00e7\u00e3o, aumento ou redu\u00e7\u00e3o de carga e demais detalhes necess\u00e1rios para a emiss\u00e3o do seu pedido). <\/span>\n\t\t\t\n\t\t\t\n\t\t<\/div>\n\t\t\t\t\t\t<\/div>\n\t\t\t\t<\/div>\n\t\t\t\t\t<\/div>\n\t\t<\/div>\n\t\t\t\t<div class=\"elementor-column elementor-col-50 elementor-inner-column elementor-element elementor-element-b7410e5\" data-id=\"b7410e5\" data-element_type=\"column\" data-e-type=\"column\">\n\t\t\t<div class=\"elementor-widget-wrap elementor-element-populated\">\n\t\t\t\t\t\t<div class=\"elementor-element elementor-element-7406ecd8 elementor-align-center elementor-widget elementor-widget-button\" data-id=\"7406ecd8\" data-element_type=\"widget\" data-e-type=\"widget\" data-widget_type=\"button.default\">\n\t\t\t\t<div class=\"elementor-widget-container\">\n\t\t\t\t\t\t\t\t\t<div class=\"elementor-button-wrapper\">\n\t\t\t\t\t<a class=\"elementor-button elementor-button-link elementor-size-sm\" href=\"https:\/\/www.copel.com\/site\/copel-distribuicao\/pedido-de-ligacao\/\">\n\t\t\t\t\t\t<span class=\"elementor-button-content-wrapper\">\n\t\t\t\t\t\t\t\t\t<span class=\"elementor-button-text\">Utilize o formul\u00e1rio de pedido de liga\u00e7\u00e3o<\/span>\n\t\t\t\t\t<\/span>\n\t\t\t\t\t<\/a>\n\t\t\t\t<\/div>\n\t\t\t\t\t\t\t\t<\/div>\n\t\t\t\t<\/div>\n\t\t\t\t\t<\/div>\n\t\t<\/div>\n\t\t\t\t\t<\/div>\n\t\t<\/section>\n\t\t\t\t<div class=\"elementor-element elementor-element-fd92387 elementor-widget elementor-widget-spacer\" data-id=\"fd92387\" data-element_type=\"widget\" data-e-type=\"widget\" data-widget_type=\"spacer.default\">\n\t\t\t\t<div class=\"elementor-widget-container\">\n\t\t\t\t\t\t\t<div class=\"elementor-spacer\">\n\t\t\t<div class=\"elementor-spacer-inner\"><\/div>\n\t\t<\/div>\n\t\t\t\t\t\t<\/div>\n\t\t\t\t<\/div>\n\t\t\t\t<div class=\"elementor-element elementor-element-706acac7 elementor-align-justify elementor-widget elementor-widget-button\" data-id=\"706acac7\" data-element_type=\"widget\" data-e-type=\"widget\" data-widget_type=\"button.default\">\n\t\t\t\t<div class=\"elementor-widget-container\">\n\t\t\t\t\t\t\t\t\t<div class=\"elementor-button-wrapper\">\n\t\t\t\t\t<a class=\"elementor-button elementor-button-link elementor-size-sm\" href=\"#elementor-action%3Aaction%3Dpopup%3Aopen%26settings%3DeyJpZCI6IjM1MTI4IiwidG9nZ2xlIjpmYWxzZX0%3D\">\n\t\t\t\t\t\t<span class=\"elementor-button-content-wrapper\">\n\t\t\t\t\t\t\t\t\t<span class=\"elementor-button-text\">Saiba mais sobre as modalidades de troca de padr\u00e3o (aumento de carga\/padroniza\u00e7\u00e3o)<\/span>\n\t\t\t\t\t<\/span>\n\t\t\t\t\t<\/a>\n\t\t\t\t<\/div>\n\t\t\t\t\t\t\t\t<\/div>\n\t\t\t\t<\/div>\n\t\t\t\t<div class=\"elementor-element elementor-element-beed934 elementor-widget elementor-widget-spacer\" data-id=\"beed934\" data-element_type=\"widget\" data-e-type=\"widget\" data-widget_type=\"spacer.default\">\n\t\t\t\t<div class=\"elementor-widget-container\">\n\t\t\t\t\t\t\t<div class=\"elementor-spacer\">\n\t\t\t<div class=\"elementor-spacer-inner\"><\/div>\n\t\t<\/div>\n\t\t\t\t\t\t<\/div>\n\t\t\t\t<\/div>\n\t\t\t\t<div class=\"elementor-element elementor-element-17570c9 elementor-widget elementor-widget-html\" data-id=\"17570c9\" data-element_type=\"widget\" data-e-type=\"widget\" data-widget_type=\"html.default\">\n\t\t\t\t<div class=\"elementor-widget-container\">\n\t\t\t\t\t<script>\n\n     function sizeFrame() { \n        \n        const element = document.getElementById(\"appFrame\");\n    \n        if(element.contentWindow.location.href == \"https:\/\/www.copel.com\/site\/\"){\n            element.contentWindow.location.href = element.getAttribute(\"src\");\n            return false;\n        }\n        \n        if(element.contentDocument) { \n            var contentHeight = element.contentWindow.document.body.scrollHeight;\n            \n            if(contentHeight <= 300)\n                element.height = 1100 + \"px\";\n            else\n                element.height = contentHeight + \"px\";\n        }\n    }  \n    \n    window.onload=sizeFrame;\n   setInterval(sizeFrame, 800);\n\n<\/script> \n\n<iframe id=\"appFrame\" src=\"\/paveweb\/maisservicos\/trocaPadrao.jsf\" width=\"100%\" height=\"100%\" title=\"Pedido de liga\u00e7\u00e3o\" scrolling=\"no\" ><\/iframe>\t\t\t\t<\/div>\n\t\t\t\t<\/div>\n\t\t\t\t<div class=\"elementor-element elementor-element-414a1a25 elementor-hidden-desktop elementor-hidden-tablet elementor-hidden-mobile elementor-widget elementor-widget-heading\" data-id=\"414a1a25\" data-element_type=\"widget\" data-e-type=\"widget\" data-widget_type=\"heading.default\">\n\t\t\t\t<div class=\"elementor-widget-container\">\n\t\t\t\t\t<h2 class=\"elementor-heading-title elementor-size-default\">Prazos<\/h2>\t\t\t\t<\/div>\n\t\t\t\t<\/div>\n\t\t\t\t<div class=\"elementor-element elementor-element-5e71b4ab acordionTroca elementor-hidden-desktop elementor-hidden-tablet elementor-hidden-mobile elementor-widget elementor-widget-toggle\" data-id=\"5e71b4ab\" data-element_type=\"widget\" data-e-type=\"widget\" data-widget_type=\"toggle.default\">\n\t\t\t\t<div class=\"elementor-widget-container\">\n\t\t\t\t\t\t\t<div class=\"elementor-toggle\">\n\t\t\t\t\t\t\t<div class=\"elementor-toggle-item\">\n\t\t\t\t\t<div id=\"elementor-tab-title-1581\" class=\"elementor-tab-title\" data-tab=\"1\" role=\"button\" aria-controls=\"elementor-tab-content-1581\" aria-expanded=\"false\">\n\t\t\t\t\t\t\t\t\t\t\t\t<span class=\"elementor-toggle-icon elementor-toggle-icon-left\" aria-hidden=\"true\">\n\t\t\t\t\t\t\t\t\t\t\t\t\t\t\t<span class=\"elementor-toggle-icon-closed\"><i class=\"fas fa-arrow-right\"><\/i><\/span>\n\t\t\t\t\t\t\t\t<span class=\"elementor-toggle-icon-opened\"><i class=\"elementor-toggle-icon-opened fas fa-arrow-up\"><\/i><\/span>\n\t\t\t\t\t\t\t\t\t\t\t\t\t<\/span>\n\t\t\t\t\t\t\t\t\t\t\t\t<a class=\"elementor-toggle-title\" tabindex=\"0\">Servi\u00e7os n\u00e3o programados<\/a>\n\t\t\t\t\t<\/div>\n\n\t\t\t\t\t<div id=\"elementor-tab-content-1581\" class=\"elementor-tab-content elementor-clearfix\" data-tab=\"1\" role=\"region\" aria-labelledby=\"elementor-tab-title-1581\">A execu\u00e7\u00e3o da troca de padr\u00e3o, quando n\u00e3o h\u00e1 necessidade de desativa\u00e7\u00e3o da entrada de servi\u00e7o para a execu\u00e7\u00e3o das obras pelo consumidor \/ eletricista particular contratado, \u00e9 realizada em duas etapas, uma vistoria na entrada de servi\u00e7o e, ap\u00f3s isso, a reativa\u00e7\u00e3o da unidade consumidora. Confira os prazos m\u00e1ximos de cada etapa, em rela\u00e7\u00e3o \u00e0 localiza\u00e7\u00e3o do im\u00f3vel:\n<table>\n<tbody>\n<tr>\n<th>Tipo de Localiza\u00e7\u00e3o<\/th>\n<th>Vistoria<\/th>\n<th>Liga\u00e7\u00e3o<\/th>\n<\/tr>\n<tr>\n<td>\u00c1rea Urbana<\/td>\n<td>3 dias \u00fateis<\/td>\n<td>2 dias \u00fateis<\/td>\n<\/tr>\n<tr>\n<td>\u00c1rea Rural<\/td>\n<td>5 dias \u00fateis<\/td>\n<td>5 dias \u00fateis<\/td>\n<\/tr>\n<\/tbody>\n<\/table>\nOs dias \u00fateis s\u00e3o utilizados para a defini\u00e7\u00e3o da data m\u00e1xima de execu\u00e7\u00e3o do servi\u00e7o, entretanto, poder\u00e1 ocorrer a qualquer momento a partir da solicita\u00e7\u00e3o, inclusive em dias n\u00e3o \u00fateis. S\u00e3o considerados dias n\u00e3o \u00fateis: s\u00e1bados, domingos, e feriados.<\/div>\n\t\t\t\t<\/div>\n\t\t\t\t\t\t\t<div class=\"elementor-toggle-item\">\n\t\t\t\t\t<div id=\"elementor-tab-title-1582\" class=\"elementor-tab-title\" data-tab=\"2\" role=\"button\" aria-controls=\"elementor-tab-content-1582\" aria-expanded=\"false\">\n\t\t\t\t\t\t\t\t\t\t\t\t<span class=\"elementor-toggle-icon elementor-toggle-icon-left\" aria-hidden=\"true\">\n\t\t\t\t\t\t\t\t\t\t\t\t\t\t\t<span class=\"elementor-toggle-icon-closed\"><i class=\"fas fa-arrow-right\"><\/i><\/span>\n\t\t\t\t\t\t\t\t<span class=\"elementor-toggle-icon-opened\"><i class=\"elementor-toggle-icon-opened fas fa-arrow-up\"><\/i><\/span>\n\t\t\t\t\t\t\t\t\t\t\t\t\t<\/span>\n\t\t\t\t\t\t\t\t\t\t\t\t<a class=\"elementor-toggle-title\" tabindex=\"0\">Servi\u00e7os programados<\/a>\n\t\t\t\t\t<\/div>\n\n\t\t\t\t\t<div id=\"elementor-tab-content-1582\" class=\"elementor-tab-content elementor-clearfix\" data-tab=\"2\" role=\"region\" aria-labelledby=\"elementor-tab-title-1582\"><p>Quando h\u00e1, por\u00e9m, a necessidade de desativa\u00e7\u00e3o da unidade consumidora, os servi\u00e7os de desativa\u00e7\u00e3o e vistoria e reativa\u00e7\u00e3o devem ser programados com dois dias \u00fateis de anteced\u00eancia e seus prazos passam a ser aqueles acordados com o consumidor, com data e per\u00edodo do dia (matutino ou vespertino) programados para a execu\u00e7\u00e3o do servi\u00e7o.<\/p><p>Para os servi\u00e7os programados, no entanto, s\u00e3o cobradas as taxas de desligamento e religa\u00e7\u00e3o programados, de acordo com o previsto no Art. 102 da Resolu\u00e7\u00e3o Normativa da Ag\u00eancia Nacional de Energia El\u00e9trica (ANEEL) n\u00ba 414, de 9 de setembro de 2010, com valores determinados por resolu\u00e7\u00e3o homologat\u00f3ria da ANEEL, publicada anualmente.<\/p><p>Veja as taxas que podem ser cobradas na <a href=\"\/site\/copel-distribuicao\/taxas-de-servicos-executados\/\">Tabela de Servi\u00e7os Cobr\u00e1veis<\/a> pela Copel.<\/p><\/div>\n\t\t\t\t<\/div>\n\t\t\t\t\t\t\t\t<\/div>\n\t\t\t\t\t\t<\/div>\n\t\t\t\t<\/div>\n\t\t\t\t<div class=\"elementor-element elementor-element-46e6d8cd elementor-hidden-desktop elementor-hidden-tablet elementor-hidden-mobile elementor-widget elementor-widget-heading\" data-id=\"46e6d8cd\" data-element_type=\"widget\" data-e-type=\"widget\" data-widget_type=\"heading.default\">\n\t\t\t\t<div class=\"elementor-widget-container\">\n\t\t\t\t\t<h2 class=\"elementor-heading-title elementor-size-default\">D\u00e9bitos vinculados \u00e0 unidade consumidora<\/h2>\t\t\t\t<\/div>\n\t\t\t\t<\/div>\n\t\t\t\t<div class=\"elementor-element elementor-element-7786f778 elementor-hidden-desktop elementor-hidden-tablet elementor-hidden-mobile elementor-widget-divider--view-line elementor-widget elementor-widget-divider\" data-id=\"7786f778\" data-element_type=\"widget\" data-e-type=\"widget\" data-widget_type=\"divider.default\">\n\t\t\t\t<div class=\"elementor-widget-container\">\n\t\t\t\t\t\t\t<div class=\"elementor-divider\">\n\t\t\t<span class=\"elementor-divider-separator\">\n\t\t\t\t\t\t<\/span>\n\t\t<\/div>\n\t\t\t\t\t\t<\/div>\n\t\t\t\t<\/div>\n\t\t\t\t<div class=\"elementor-element elementor-element-1ac2bde0 elementor-hidden-desktop elementor-hidden-tablet elementor-hidden-mobile elementor-widget elementor-widget-text-editor\" data-id=\"1ac2bde0\" data-element_type=\"widget\" data-e-type=\"widget\" data-widget_type=\"text-editor.default\">\n\t\t\t\t<div class=\"elementor-widget-container\">\n\t\t\t\t\t\t\t\t\t<p>N\u00e3o pode haver d\u00e9bitos vencidos vinculados \u00e0 unidade consumidora para a qual se est\u00e1 solicitando o servi\u00e7o de troca de padr\u00e3o. Caso haja, quite-os e encaminhe os comprovantes de pagamento junto do formul\u00e1rio de solicita\u00e7\u00e3o do servi\u00e7o.<\/p>\t\t\t\t\t\t\t\t<\/div>\n\t\t\t\t<\/div>\n\t\t\t\t<div class=\"elementor-element elementor-element-533f1753 elementor-hidden-desktop elementor-hidden-tablet elementor-hidden-mobile elementor-widget-divider--view-line elementor-widget elementor-widget-divider\" data-id=\"533f1753\" data-element_type=\"widget\" data-e-type=\"widget\" data-widget_type=\"divider.default\">\n\t\t\t\t<div class=\"elementor-widget-container\">\n\t\t\t\t\t\t\t<div class=\"elementor-divider\">\n\t\t\t<span class=\"elementor-divider-separator\">\n\t\t\t\t\t\t<\/span>\n\t\t<\/div>\n\t\t\t\t\t\t<\/div>\n\t\t\t\t<\/div>\n\t\t\t\t<div class=\"elementor-element elementor-element-6015d79f elementor-hidden-desktop elementor-hidden-tablet elementor-hidden-mobile elementor-widget elementor-widget-heading\" data-id=\"6015d79f\" data-element_type=\"widget\" data-e-type=\"widget\" data-widget_type=\"heading.default\">\n\t\t\t\t<div class=\"elementor-widget-container\">\n\t\t\t\t\t<h2 class=\"elementor-heading-title elementor-size-default\">Solicita\u00e7\u00e3o de liga\u00e7\u00e3o com altera\u00e7\u00e3o de carga<\/h2>\t\t\t\t<\/div>\n\t\t\t\t<\/div>\n\t\t\t\t<div class=\"elementor-element elementor-element-7c21ac9e elementor-hidden-desktop elementor-hidden-tablet elementor-hidden-mobile elementor-widget elementor-widget-text-editor\" data-id=\"7c21ac9e\" data-element_type=\"widget\" data-e-type=\"widget\" data-widget_type=\"text-editor.default\">\n\t\t\t\t<div class=\"elementor-widget-container\">\n\t\t\t\t\t\t\t\t\t<p>Caso se identifique a necessidade de altera\u00e7\u00e3o da carga j\u00e1 no momento de solicitar a liga\u00e7\u00e3o, proceda conforme <a href=\"\/site\/copel-distribuicao\/pedido-de-ligacao\/\">pedido de liga\u00e7\u00e3o.<\/a><\/p>\t\t\t\t\t\t\t\t<\/div>\n\t\t\t\t<\/div>\n\t\t\t\t\t<\/div>\n\t\t<\/div>\n\t\t\t\t\t<\/div>\n\t\t<\/section>\n\t\t\t\t<\/div>\n\t\t","protected":false},"excerpt":{"rendered":"<p>Troca de padr\u00e3o Aten\u00e7\u00e3o! Para solicita\u00e7\u00f5es que envolvam o pedido de uma ou mais liga\u00e7\u00f5es novas, seja por padroniza\u00e7\u00e3o de entrada de servi\u00e7o, aumento ou redu\u00e7\u00e3o de carga; Para solicita\u00e7\u00e3o de liga\u00e7\u00e3o com altera\u00e7\u00e3o de carga, caso se identifique a necessidade de altera\u00e7\u00e3o da carga j\u00e1 no momento de solicitar a liga\u00e7\u00e3o. (Incluir no campo [&hellip;]<\/p>\n","protected":false},"author":6,"featured_media":0,"parent":981,"menu_order":0,"comment_status":"closed","ping_status":"closed","template":"elementor_header_footer","meta":{"_acf_changed":false,"footnotes":""},"categories":[],"tags":[],"wf_page_folders":[438],"class_list":["post-18523","page","type-page","status-publish","hentry"],"acf":[],"aioseo_notices":[],"_links":{"self":[{"href":"https:\/\/www.copel.com\/site\/wp-json\/wp\/v2\/pages\/18523","targetHints":{"allow":["GET"]}}],"collection":[{"href":"https:\/\/www.copel.com\/site\/wp-json\/wp\/v2\/pages"}],"about":[{"href":"https:\/\/www.copel.com\/site\/wp-json\/wp\/v2\/types\/page"}],"author":[{"embeddable":true,"href":"https:\/\/www.copel.com\/site\/wp-json\/wp\/v2\/users\/6"}],"replies":[{"embeddable":true,"href":"https:\/\/www.copel.com\/site\/wp-json\/wp\/v2\/comments?post=18523"}],"version-history":[{"count":24,"href":"https:\/\/www.copel.com\/site\/wp-json\/wp\/v2\/pages\/18523\/revisions"}],"predecessor-version":[{"id":50766,"href":"https:\/\/www.copel.com\/site\/wp-json\/wp\/v2\/pages\/18523\/revisions\/50766"}],"up":[{"embeddable":true,"href":"https:\/\/www.copel.com\/site\/wp-json\/wp\/v2\/pages\/981"}],"wp:attachment":[{"href":"https:\/\/www.copel.com\/site\/wp-json\/wp\/v2\/media?parent=18523"}],"wp:term":[{"taxonomy":"category","embeddable":true,"href":"https:\/\/www.copel.com\/site\/wp-json\/wp\/v2\/categories?post=18523"},{"taxonomy":"post_tag","embeddable":true,"href":"https:\/\/www.copel.com\/site\/wp-json\/wp\/v2\/tags?post=18523"},{"taxonomy":"wf_page_folders","embeddable":true,"href":"https:\/\/www.copel.com\/site\/wp-json\/wp\/v2\/wf_page_folders?post=18523"}],"curies":[{"name":"wp","href":"https:\/\/api.w.org\/{rel}","templated":true}]}}