{"id":15797,"date":"2021-08-17T09:56:27","date_gmt":"2021-08-17T12:56:27","guid":{"rendered":"https:\/\/10.120.2.40\/hpcweb\/?page_id=15797"},"modified":"2025-12-29T09:49:53","modified_gmt":"2025-12-29T12:49:53","slug":"pedido-de-ligacao","status":"publish","type":"page","link":"https:\/\/www.copel.com\/site\/copel-distribuicao\/pedido-de-ligacao\/","title":{"rendered":"Pedido de liga\u00e7\u00e3o"},"content":{"rendered":"\t\t<div data-elementor-type=\"wp-page\" data-elementor-id=\"15797\" class=\"elementor elementor-15797\" data-elementor-post-type=\"page\">\n\t\t\t\t\t\t<section class=\"elementor-section elementor-top-section elementor-element elementor-element-744233 elementor-section-boxed elementor-section-height-default elementor-section-height-default\" data-id=\"744233\" data-element_type=\"section\" data-e-type=\"section\">\n\t\t\t\t\t\t<div class=\"elementor-container elementor-column-gap-default\">\n\t\t\t\t\t<div class=\"elementor-column elementor-col-100 elementor-top-column elementor-element elementor-element-2631e11b\" data-id=\"2631e11b\" data-element_type=\"column\" data-e-type=\"column\">\n\t\t\t<div class=\"elementor-widget-wrap elementor-element-populated\">\n\t\t\t\t\t\t<section class=\"elementor-section elementor-inner-section elementor-element elementor-element-4db4fe7 elementor-section-boxed elementor-section-height-default elementor-section-height-default\" data-id=\"4db4fe7\" data-element_type=\"section\" data-e-type=\"section\">\n\t\t\t\t\t\t<div class=\"elementor-container elementor-column-gap-default\">\n\t\t\t\t\t<div class=\"elementor-column elementor-col-66 elementor-inner-column elementor-element elementor-element-af01a74\" data-id=\"af01a74\" data-element_type=\"column\" data-e-type=\"column\">\n\t\t\t<div class=\"elementor-widget-wrap elementor-element-populated\">\n\t\t\t\t\t\t<div class=\"elementor-element elementor-element-5b052d04 elementor-widget elementor-widget-heading\" data-id=\"5b052d04\" data-element_type=\"widget\" data-e-type=\"widget\" data-widget_type=\"heading.default\">\n\t\t\t\t<div class=\"elementor-widget-container\">\n\t\t\t\t\t<h2 class=\"elementor-heading-title elementor-size-default\">Pedido de Liga\u00e7\u00e3o<\/h2>\t\t\t\t<\/div>\n\t\t\t\t<\/div>\n\t\t\t\t\t<\/div>\n\t\t<\/div>\n\t\t\t\t<div class=\"elementor-column elementor-col-33 elementor-inner-column elementor-element elementor-element-028bd3c\" data-id=\"028bd3c\" data-element_type=\"column\" data-e-type=\"column\">\n\t\t\t<div class=\"elementor-widget-wrap elementor-element-populated\">\n\t\t\t\t\t\t<div class=\"elementor-element elementor-element-4b95dd9 elementor-align-right action elementor-widget elementor-widget-button\" data-id=\"4b95dd9\" data-element_type=\"widget\" data-e-type=\"widget\" data-widget_type=\"button.default\">\n\t\t\t\t<div class=\"elementor-widget-container\">\n\t\t\t\t\t\t\t\t\t<div class=\"elementor-button-wrapper\">\n\t\t\t\t\t<a class=\"elementor-button elementor-button-link elementor-size-sm\" href=\"#\">\n\t\t\t\t\t\t<span class=\"elementor-button-content-wrapper\">\n\t\t\t\t\t\t\t\t\t<span class=\"elementor-button-text\">Ades\u00e3o<\/span>\n\t\t\t\t\t<\/span>\n\t\t\t\t\t<\/a>\n\t\t\t\t<\/div>\n\t\t\t\t\t\t\t\t<\/div>\n\t\t\t\t<\/div>\n\t\t\t\t<div class=\"elementor-element elementor-element-3caa270 elementor-widget elementor-widget-html\" data-id=\"3caa270\" data-element_type=\"widget\" data-e-type=\"widget\" data-widget_type=\"html.default\">\n\t\t\t\t<div class=\"elementor-widget-container\">\n\t\t\t\t\t\n<script src=\"https:\/\/code.jquery.com\/jquery-3.6.0.js\"><\/script>\n\n<script>\njQuery(document).ready(function($){\n   \n\t$( \".action a\" ).click(\n        function(){\n    \t    var info = $('.info');\n    \t   \n    \t     $('.info:visible').slideUp('fast');\n    \t    if (info.css('display') == 'none'){\n    \t        info.slideDown('fast');\n    \t    }\n        }\n    );\n    \n    \n    $( document ).tooltip({\n      track: true\n    });\n    \n  \n});\n<\/script>\n<style>\n    .action {width:100%;}\n    .info{display:none;}\n<\/style>\t\t\t\t<\/div>\n\t\t\t\t<\/div>\n\t\t\t\t<div class=\"elementor-element elementor-element-4999cef elementor-align-right video_action elementor-widget elementor-widget-button\" data-id=\"4999cef\" data-element_type=\"widget\" data-e-type=\"widget\" data-widget_type=\"button.default\">\n\t\t\t\t<div class=\"elementor-widget-container\">\n\t\t\t\t\t\t\t\t\t<div class=\"elementor-button-wrapper\">\n\t\t\t\t\t<a class=\"elementor-button elementor-button-link elementor-size-sm\" href=\"#\">\n\t\t\t\t\t\t<span class=\"elementor-button-content-wrapper\">\n\t\t\t\t\t\t\t\t\t<span class=\"elementor-button-text\">Tutorial e como solicitar o servi\u00e7o<\/span>\n\t\t\t\t\t<\/span>\n\t\t\t\t\t<\/a>\n\t\t\t\t<\/div>\n\t\t\t\t\t\t\t\t<\/div>\n\t\t\t\t<\/div>\n\t\t\t\t<div class=\"elementor-element elementor-element-0af3b69 elementor-widget elementor-widget-html\" data-id=\"0af3b69\" data-element_type=\"widget\" data-e-type=\"widget\" data-widget_type=\"html.default\">\n\t\t\t\t<div class=\"elementor-widget-container\">\n\t\t\t\t\t\n<script src=\"https:\/\/code.jquery.com\/jquery-3.6.0.js\"><\/script>\n\n<script>\njQuery(document).ready(function($){\n   \n\t$( \".video_action a\" ).click(\n        function(){\n    \t    var video = $('.video');\n    \t   \n    \t     $('.video:visible').slideUp('fast');\n    \t    if (video.css('display') == 'none'){\n    \t        video.slideDown('fast');\n    \t    }\n        }\n    );\n    \n    \n    $( document ).tooltip({\n      track: true\n    });\n    \n  \n});\n<\/script>\n<style>\n    .video_action {width:100%;}\n    .video{display:none;}\n<\/style>\t\t\t\t<\/div>\n\t\t\t\t<\/div>\n\t\t\t\t\t<\/div>\n\t\t<\/div>\n\t\t\t\t\t<\/div>\n\t\t<\/section>\n\t\t\t\t<section class=\"elementor-section elementor-inner-section elementor-element elementor-element-c2d5288 info elementor-section-boxed elementor-section-height-default elementor-section-height-default\" data-id=\"c2d5288\" data-element_type=\"section\" data-e-type=\"section\">\n\t\t\t\t\t\t\t<div class=\"elementor-background-overlay\"><\/div>\n\t\t\t\t\t\t\t<div class=\"elementor-container elementor-column-gap-default\">\n\t\t\t\t\t<div class=\"elementor-column elementor-col-100 elementor-inner-column elementor-element elementor-element-8b57d44\" data-id=\"8b57d44\" data-element_type=\"column\" data-e-type=\"column\">\n\t\t\t<div class=\"elementor-widget-wrap elementor-element-populated\">\n\t\t\t\t\t\t<div class=\"elementor-element elementor-element-7bc960b elementor-widget elementor-widget-text-editor\" data-id=\"7bc960b\" data-element_type=\"widget\" data-e-type=\"widget\" data-widget_type=\"text-editor.default\">\n\t\t\t\t<div class=\"elementor-widget-container\">\n\t\t\t\t\t\t\t\t\t<h3>Termo de ades\u00e3o a notifica\u00e7\u00e3o, comunica\u00e7\u00e3o e envio de faturas eletr\u00f4nicas<\/h3><p>A Copel Distribui\u00e7\u00e3o S.A. com o objetivo de gerar mais agilidade nas comunica\u00e7\u00f5es e conforto aos clientes encaminha as comunica\u00e7\u00f5es, notifica\u00e7\u00f5es e envio de faturas de forma eletr\u00f4nica.<\/p><p>Por meio deste Termo, a Copel se responsabiliza pelas obriga\u00e7\u00f5es no envio das comunica\u00e7\u00f5es, notifica\u00e7\u00f5es e faturas ao endere\u00e7o de e-mail ou celular informado pelo Cliente.<\/p><p>Lembramos que a qualquer momento o Cliente pode cancelar ou alterar a forma de envio da Fatura Digital, comunica\u00e7\u00f5es e notifica\u00e7\u00f5es por meio da Ag\u00eancia Virtual, aplicativo (APP), Atendimento Telef\u00f4nico ou Presencial.<\/p><p>Com a ades\u00e3o, o Cliente confirma que recebeu da Copel Distribui\u00e7\u00e3o todas as informa\u00e7\u00f5es necess\u00e1rias ao acesso \u00e0 Fatura Digital, comunica\u00e7\u00f5es e notifica\u00e7\u00f5es eletr\u00f4nicas.<\/p><p>Aten\u00e7\u00e3o!<\/p><p>A Copel Distribui\u00e7\u00e3o n\u00e3o envia e-mails solicitando dados confidenciais aos clientes e n\u00e3o solicita dep\u00f3sito em conta corrente. Caso receba mensagens com instru\u00e7\u00f5es duvidosas, desconsidere ou entre em contato com os Canais de Atendimento.<\/p>\t\t\t\t\t\t\t\t<\/div>\n\t\t\t\t<\/div>\n\t\t\t\t<div class=\"elementor-element elementor-element-ba60597 elementor-align-center action elementor-widget elementor-widget-button\" data-id=\"ba60597\" data-element_type=\"widget\" data-e-type=\"widget\" data-widget_type=\"button.default\">\n\t\t\t\t<div class=\"elementor-widget-container\">\n\t\t\t\t\t\t\t\t\t<div class=\"elementor-button-wrapper\">\n\t\t\t\t\t<a class=\"elementor-button elementor-button-link elementor-size-sm\" href=\"#\">\n\t\t\t\t\t\t<span class=\"elementor-button-content-wrapper\">\n\t\t\t\t\t\t\t\t\t<span class=\"elementor-button-text\">Fechar mensagem<\/span>\n\t\t\t\t\t<\/span>\n\t\t\t\t\t<\/a>\n\t\t\t\t<\/div>\n\t\t\t\t\t\t\t\t<\/div>\n\t\t\t\t<\/div>\n\t\t\t\t\t<\/div>\n\t\t<\/div>\n\t\t\t\t\t<\/div>\n\t\t<\/section>\n\t\t\t\t<section class=\"elementor-section elementor-inner-section elementor-element elementor-element-71a3b2d video elementor-section-boxed elementor-section-height-default elementor-section-height-default\" data-id=\"71a3b2d\" data-element_type=\"section\" data-e-type=\"section\">\n\t\t\t\t\t\t\t<div class=\"elementor-background-overlay\"><\/div>\n\t\t\t\t\t\t\t<div class=\"elementor-container elementor-column-gap-default\">\n\t\t\t\t\t<div class=\"elementor-column elementor-col-100 elementor-inner-column elementor-element elementor-element-e327143\" data-id=\"e327143\" data-element_type=\"column\" data-e-type=\"column\">\n\t\t\t<div class=\"elementor-widget-wrap elementor-element-populated\">\n\t\t\t\t\t\t<div class=\"elementor-element elementor-element-10f363f elementor-widget elementor-widget-video\" data-id=\"10f363f\" data-element_type=\"widget\" data-e-type=\"widget\" data-settings=\"{&quot;youtube_url&quot;:&quot;https:\\\/\\\/youtu.be\\\/UctR97RLW70&quot;,&quot;video_type&quot;:&quot;youtube&quot;,&quot;controls&quot;:&quot;yes&quot;}\" data-widget_type=\"video.default\">\n\t\t\t\t<div class=\"elementor-widget-container\">\n\t\t\t\t\t\t\t<div class=\"elementor-wrapper elementor-open-inline\">\n\t\t\t<div class=\"elementor-video\"><\/div>\t\t<\/div>\n\t\t\t\t\t\t<\/div>\n\t\t\t\t<\/div>\n\t\t\t\t<div class=\"elementor-element elementor-element-0fa19d0 elementor-align-center video_action elementor-widget elementor-widget-button\" data-id=\"0fa19d0\" data-element_type=\"widget\" data-e-type=\"widget\" data-widget_type=\"button.default\">\n\t\t\t\t<div class=\"elementor-widget-container\">\n\t\t\t\t\t\t\t\t\t<div class=\"elementor-button-wrapper\">\n\t\t\t\t\t<a class=\"elementor-button elementor-button-link elementor-size-sm\" href=\"#\">\n\t\t\t\t\t\t<span class=\"elementor-button-content-wrapper\">\n\t\t\t\t\t\t\t\t\t<span class=\"elementor-button-text\">Fechar mensagem<\/span>\n\t\t\t\t\t<\/span>\n\t\t\t\t\t<\/a>\n\t\t\t\t<\/div>\n\t\t\t\t\t\t\t\t<\/div>\n\t\t\t\t<\/div>\n\t\t\t\t\t<\/div>\n\t\t<\/div>\n\t\t\t\t\t<\/div>\n\t\t<\/section>\n\t\t\t\t<div class=\"elementor-element elementor-element-0de0388 elementor-widget elementor-widget-html\" data-id=\"0de0388\" data-element_type=\"widget\" data-e-type=\"widget\" data-widget_type=\"html.default\">\n\t\t\t\t<div class=\"elementor-widget-container\">\n\t\t\t\t\t<script>\r\n\r\n     function sizeFrame() { \r\n        \r\n        const element = document.getElementById(\"appFrame\");\r\n    \r\n        if(element.contentWindow.location.href == \"https:\/\/www.copel.com\/site\/\"){\r\n            element.contentWindow.location.href = element.getAttribute(\"src\");\r\n            return false;\r\n        }\r\n        \r\n        if(element.contentDocument) { \r\n            var contentHeight = element.contentWindow.document.body.scrollHeight;\r\n            \r\n            if(contentHeight <= 300)\r\n                element.height = 1100 + \"px\";\r\n            else\r\n                element.height = contentHeight + \"px\";\r\n        }\r\n    }  \r\n    \r\n    window.onload=sizeFrame;\r\n   setInterval(sizeFrame, 800);\r\n\r\n<\/script> \r\n\r\n<iframe id=\"appFrame\" src=\"https:\/\/www.copel.com\/paveweb\/maisservicos\/ligacao.jsf\" width=\"100%\" title=\"Pedido de liga\u00e7\u00e3o\" scrolling=\"no\" sandbox=\"allow-same-origin allow-scripts allow-forms allow-modals allow-top-navigation\"><\/iframe>\t\t\t\t<\/div>\n\t\t\t\t<\/div>\n\t\t\t\t\t<\/div>\n\t\t<\/div>\n\t\t\t\t\t<\/div>\n\t\t<\/section>\n\t\t\t\t<\/div>\n\t\t","protected":false},"excerpt":{"rendered":"<p>Pedido de Liga\u00e7\u00e3o Ades\u00e3o Tutorial e como solicitar o servi\u00e7o Termo de ades\u00e3o a notifica\u00e7\u00e3o, comunica\u00e7\u00e3o e envio de faturas eletr\u00f4nicas A Copel Distribui\u00e7\u00e3o S.A. com o objetivo de gerar mais agilidade nas comunica\u00e7\u00f5es e conforto aos clientes encaminha as comunica\u00e7\u00f5es, notifica\u00e7\u00f5es e envio de faturas de forma eletr\u00f4nica. Por meio deste Termo, a Copel [&hellip;]<\/p>\n","protected":false},"author":6,"featured_media":0,"parent":981,"menu_order":0,"comment_status":"closed","ping_status":"closed","template":"elementor_header_footer","meta":{"_acf_changed":false,"footnotes":""},"categories":[999],"tags":[],"wf_page_folders":[442],"class_list":["post-15797","page","type-page","status-publish","hentry","category-pave"],"acf":[],"aioseo_notices":[],"_links":{"self":[{"href":"https:\/\/www.copel.com\/site\/wp-json\/wp\/v2\/pages\/15797","targetHints":{"allow":["GET"]}}],"collection":[{"href":"https:\/\/www.copel.com\/site\/wp-json\/wp\/v2\/pages"}],"about":[{"href":"https:\/\/www.copel.com\/site\/wp-json\/wp\/v2\/types\/page"}],"author":[{"embeddable":true,"href":"https:\/\/www.copel.com\/site\/wp-json\/wp\/v2\/users\/6"}],"replies":[{"embeddable":true,"href":"https:\/\/www.copel.com\/site\/wp-json\/wp\/v2\/comments?post=15797"}],"version-history":[{"count":1,"href":"https:\/\/www.copel.com\/site\/wp-json\/wp\/v2\/pages\/15797\/revisions"}],"predecessor-version":[{"id":50747,"href":"https:\/\/www.copel.com\/site\/wp-json\/wp\/v2\/pages\/15797\/revisions\/50747"}],"up":[{"embeddable":true,"href":"https:\/\/www.copel.com\/site\/wp-json\/wp\/v2\/pages\/981"}],"wp:attachment":[{"href":"https:\/\/www.copel.com\/site\/wp-json\/wp\/v2\/media?parent=15797"}],"wp:term":[{"taxonomy":"category","embeddable":true,"href":"https:\/\/www.copel.com\/site\/wp-json\/wp\/v2\/categories?post=15797"},{"taxonomy":"post_tag","embeddable":true,"href":"https:\/\/www.copel.com\/site\/wp-json\/wp\/v2\/tags?post=15797"},{"taxonomy":"wf_page_folders","embeddable":true,"href":"https:\/\/www.copel.com\/site\/wp-json\/wp\/v2\/wf_page_folders?post=15797"}],"curies":[{"name":"wp","href":"https:\/\/api.w.org\/{rel}","templated":true}]}}